{"id":1101,"date":"2024-11-27T12:00:54","date_gmt":"2024-11-27T12:00:54","guid":{"rendered":"https:\/\/dev.getraenke-center.ch\/?post_type=product&#038;p=1101"},"modified":"2024-11-27T12:00:56","modified_gmt":"2024-11-27T12:00:56","slug":"weissweine-schafiser-berner-stadtkeller-stadt-bern-6fl-x-075-liter","status":"publish","type":"product","link":"https:\/\/dev.getraenke-center.ch\/?product=weissweine-schafiser-berner-stadtkeller-stadt-bern-6fl-x-075-liter","title":{"rendered":"Weissweine Schafiser Berner Stadtkeller Stadt Bern 6fl x 0,75 Liter"},"content":{"rendered":"<p>Die 75cl Flasche Schafiser Berner Stadtkeller repr\u00e4sentiert die jahrhundertealte Weintradition von Bern. Jeder Schluck ist eine Reise durch die Geschichte, sorgf\u00e4ltig hergestellt, um h\u00f6chsten Genuss zu bieten. Tauchen Sie ein in die Welt des Weins und erleben Sie den unverkennbaren Geschmack von Qualit\u00e4t und Tradition<\/p>\n","protected":false},"excerpt":{"rendered":"<p>Entdecken Sie den einzigartigen Charakter von Schafiser Berner Stadtkeller. Eine 75cl Flasche, gef\u00fcllt mit der Tradition und dem Geschmack der Stadt Bern<\/p>\n","protected":false},"featured_media":1131,"template":"","meta":{"_kadence_starter_templates_imported_post":false,"_kad_post_transparent":"","_kad_post_title":"","_kad_post_layout":"","_kad_post_sidebar_id":"","_kad_post_content_style":"","_kad_post_vertical_padding":"","_kad_post_feature":"","_kad_post_feature_position":"","_kad_post_header":false,"_kad_post_footer":false},"product_cat":[63],"product_tag":[689],"class_list":{"0":"post-1101","1":"product","2":"type-product","3":"status-publish","4":"has-post-thumbnail","6":"product_cat-wein","7":"product_tag-wein-schafiser-bernerstadtkeller-weintradition-75clflasche-weingenuss-gourmet-weinliebhaber-bern-geschmackserlebnis","9":"first","10":"instock","11":"taxable","12":"shipping-taxable","13":"purchasable","14":"product-type-simple","15":"entry","16":"content-bg","17":"loop-entry"},"jetpack_sharing_enabled":true,"_links":{"self":[{"href":"https:\/\/dev.getraenke-center.ch\/index.php?rest_route=\/wp\/v2\/product\/1101","targetHints":{"allow":["GET"]}}],"collection":[{"href":"https:\/\/dev.getraenke-center.ch\/index.php?rest_route=\/wp\/v2\/product"}],"about":[{"href":"https:\/\/dev.getraenke-center.ch\/index.php?rest_route=\/wp\/v2\/types\/product"}],"wp:featuredmedia":[{"embeddable":true,"href":"https:\/\/dev.getraenke-center.ch\/index.php?rest_route=\/wp\/v2\/media\/1131"}],"wp:attachment":[{"href":"https:\/\/dev.getraenke-center.ch\/index.php?rest_route=%2Fwp%2Fv2%2Fmedia&parent=1101"}],"wp:term":[{"taxonomy":"product_cat","embeddable":true,"href":"https:\/\/dev.getraenke-center.ch\/index.php?rest_route=%2Fwp%2Fv2%2Fproduct_cat&post=1101"},{"taxonomy":"product_tag","embeddable":true,"href":"https:\/\/dev.getraenke-center.ch\/index.php?rest_route=%2Fwp%2Fv2%2Fproduct_tag&post=1101"}],"curies":[{"name":"wp","href":"https:\/\/api.w.org\/{rel}","templated":true}]}}