{"id":1217,"date":"2024-11-27T12:01:05","date_gmt":"2024-11-27T12:01:05","guid":{"rendered":"https:\/\/dev.getraenke-center.ch\/?post_type=product&#038;p=1217"},"modified":"2024-11-27T12:01:07","modified_gmt":"2024-11-27T12:01:07","slug":"wein-rose-vignerons-de-berne-15fl-x-075-liter","status":"publish","type":"product","link":"https:\/\/dev.getraenke-center.ch\/?product=wein-rose-vignerons-de-berne-15fl-x-075-liter","title":{"rendered":"Wein Ros\u00e9 Vignerons de Berne 15fl x 0,75 Liter"},"content":{"rendered":"<p>Erfrischende Grapefruitaromen, verschiedene verf\u00fchrend exotische Noten und eine einmalige S\u00fcffigkeit zeichnen das weisse Assemblage! Die beiden Traubensorten Chasselas und Riesling &#8211; Silvaner vereinen sich zu einem Ausdruck vom Berner-Terroir! Ausserdem \u00fcberzeugt der frische Wein mit einer leichten S\u00fcsse!<\/p>\n","protected":false},"excerpt":{"rendered":"<p>Preis pro Flasche<\/p>\n<p>Ein sehr verf\u00fchrerischer franz\u00f6sischer Ros\u00e9wein der direkt von der sonnenverw\u00f6hnten K\u00fcste des Mittelmeers kommt.<\/p>\n","protected":false},"featured_media":1247,"template":"","meta":{"_kadence_starter_templates_imported_post":false,"_kad_post_transparent":"","_kad_post_title":"","_kad_post_layout":"","_kad_post_sidebar_id":"","_kad_post_content_style":"","_kad_post_vertical_padding":"","_kad_post_feature":"","_kad_post_feature_position":"","_kad_post_header":false,"_kad_post_footer":false},"product_cat":[95],"product_tag":[741],"class_list":{"0":"post-1217","1":"product","2":"type-product","3":"status-publish","4":"has-post-thumbnail","6":"product_cat-rose-wein","7":"product_tag-wein-rose-vigneronsdeberne-75cl-weingenuss-gourmet-weinliebhaber-leidenschaft-bern","9":"first","10":"instock","11":"taxable","12":"shipping-taxable","13":"purchasable","14":"product-type-simple","15":"entry","16":"content-bg","17":"loop-entry"},"jetpack_sharing_enabled":true,"_links":{"self":[{"href":"https:\/\/dev.getraenke-center.ch\/index.php?rest_route=\/wp\/v2\/product\/1217","targetHints":{"allow":["GET"]}}],"collection":[{"href":"https:\/\/dev.getraenke-center.ch\/index.php?rest_route=\/wp\/v2\/product"}],"about":[{"href":"https:\/\/dev.getraenke-center.ch\/index.php?rest_route=\/wp\/v2\/types\/product"}],"wp:featuredmedia":[{"embeddable":true,"href":"https:\/\/dev.getraenke-center.ch\/index.php?rest_route=\/wp\/v2\/media\/1247"}],"wp:attachment":[{"href":"https:\/\/dev.getraenke-center.ch\/index.php?rest_route=%2Fwp%2Fv2%2Fmedia&parent=1217"}],"wp:term":[{"taxonomy":"product_cat","embeddable":true,"href":"https:\/\/dev.getraenke-center.ch\/index.php?rest_route=%2Fwp%2Fv2%2Fproduct_cat&post=1217"},{"taxonomy":"product_tag","embeddable":true,"href":"https:\/\/dev.getraenke-center.ch\/index.php?rest_route=%2Fwp%2Fv2%2Fproduct_tag&post=1217"}],"curies":[{"name":"wp","href":"https:\/\/api.w.org\/{rel}","templated":true}]}}