{"id":1298,"date":"2024-11-27T12:01:12","date_gmt":"2024-11-27T12:01:12","guid":{"rendered":"https:\/\/dev.getraenke-center.ch\/?post_type=product&#038;p=1298"},"modified":"2024-11-27T12:01:16","modified_gmt":"2024-11-27T12:01:16","slug":"rotwein-primitivo-igt-molto-bene-6fl-x-075-liter","status":"publish","type":"product","link":"https:\/\/dev.getraenke-center.ch\/?product=rotwein-primitivo-igt-molto-bene-6fl-x-075-liter","title":{"rendered":"Rotwein Primitivo IGT Molto Bene 6fl x 0,75 Liter"},"content":{"rendered":"<p>Intensives Rubinrot. Einladend, duftend, eine Komposition aus reifen Beeren, dunklen Kirschen und Pflaumen. Auch der Gaumen wird von der Frucht dominiert. Die feinen Tannine geben ein angenehmes Gef\u00fchl im Mund, hier sp\u00fcrt man, dass die Trauben gen\u00fcgend Sonne genie\u00dfen konnten.<\/p>\n","protected":false},"excerpt":{"rendered":"<p>Preis pro Flasche<\/p>\n<p>Anregender Duft nach \u00fcberreifen Kirschen, getrockneten Blumen und s\u00fcssen Gew\u00fcrzen. Begeistert durch seinen wunderbar harmonisch-samtigen Fruchtmantel.<\/p>\n","protected":false},"featured_media":1328,"template":"","meta":{"_kadence_starter_templates_imported_post":false,"_kad_post_transparent":"","_kad_post_title":"","_kad_post_layout":"","_kad_post_sidebar_id":"","_kad_post_content_style":"","_kad_post_vertical_padding":"","_kad_post_feature":"","_kad_post_feature_position":"","_kad_post_header":false,"_kad_post_footer":false},"product_cat":[65],"product_tag":[522,832,794,757,833,758,760],"class_list":{"0":"post-1298","1":"product","2":"type-product","3":"status-publish","4":"has-post-thumbnail","6":"product_cat-rotwein","7":"product_tag-weinliebhaber","8":"product_tag-exzellenz","9":"product_tag-italienischer-wein","10":"product_tag-premiumwein","11":"product_tag-primitivo-igt-molto-bene","12":"product_tag-rotwein","13":"product_tag-weinregion","15":"first","16":"instock","17":"taxable","18":"shipping-taxable","19":"purchasable","20":"product-type-simple","21":"entry","22":"content-bg","23":"loop-entry"},"jetpack_sharing_enabled":true,"_links":{"self":[{"href":"https:\/\/dev.getraenke-center.ch\/index.php?rest_route=\/wp\/v2\/product\/1298","targetHints":{"allow":["GET"]}}],"collection":[{"href":"https:\/\/dev.getraenke-center.ch\/index.php?rest_route=\/wp\/v2\/product"}],"about":[{"href":"https:\/\/dev.getraenke-center.ch\/index.php?rest_route=\/wp\/v2\/types\/product"}],"wp:featuredmedia":[{"embeddable":true,"href":"https:\/\/dev.getraenke-center.ch\/index.php?rest_route=\/wp\/v2\/media\/1328"}],"wp:attachment":[{"href":"https:\/\/dev.getraenke-center.ch\/index.php?rest_route=%2Fwp%2Fv2%2Fmedia&parent=1298"}],"wp:term":[{"taxonomy":"product_cat","embeddable":true,"href":"https:\/\/dev.getraenke-center.ch\/index.php?rest_route=%2Fwp%2Fv2%2Fproduct_cat&post=1298"},{"taxonomy":"product_tag","embeddable":true,"href":"https:\/\/dev.getraenke-center.ch\/index.php?rest_route=%2Fwp%2Fv2%2Fproduct_tag&post=1298"}],"curies":[{"name":"wp","href":"https:\/\/api.w.org\/{rel}","templated":true}]}}