{"id":1410,"date":"2024-11-27T12:01:24","date_gmt":"2024-11-27T12:01:24","guid":{"rendered":"https:\/\/dev.getraenke-center.ch\/?post_type=product&#038;p=1410"},"modified":"2024-11-27T12:01:28","modified_gmt":"2024-11-27T12:01:28","slug":"bier-calanda-glatsch-dose-6-pack-x-0-50-liter","status":"publish","type":"product","link":"https:\/\/dev.getraenke-center.ch\/?product=bier-calanda-glatsch-dose-6-pack-x-0-50-liter","title":{"rendered":"Bier Calanda Glatsch Dose 6 Pack x 0.50 Liter"},"content":{"rendered":"<p><b>Calanda Glatsch<\/b>: Ein ganz spezielles Lagerbier. Besonders gerreift und eisgek\u00fchlt bei \u20133.5 \u00b0Celsius. S\u00fcffig und erfrischend wie ein B\u00fcndner Gletscher! Der innovative Brauprozess und das reine Wasser aus den B\u00fcndner Bergen verleihen dem Bier seinen einzigartig erfrischenden und milden Geschmack.<\/p>\n","protected":false},"excerpt":{"rendered":"<p>Preis pro Flasche<\/p>\n<p>&#8222;Erleben Sie den erfrischenden Geschmack von Calanda Glatsch Bier aus der Dose.&#8220;<\/p>\n","protected":false},"featured_media":1440,"template":"","meta":{"_kadence_starter_templates_imported_post":false,"_kad_post_transparent":"","_kad_post_title":"","_kad_post_layout":"","_kad_post_sidebar_id":"","_kad_post_content_style":"","_kad_post_vertical_padding":"","_kad_post_feature":"","_kad_post_feature_position":"","_kad_post_header":false,"_kad_post_footer":false},"product_cat":[70],"product_tag":[41,882,924,208,925,886],"class_list":{"0":"post-1410","1":"product","2":"type-product","3":"status-publish","4":"has-post-thumbnail","6":"product_cat-bier","7":"product_tag-erfrischend","8":"product_tag-bierliebhaber","9":"product_tag-calanda-glatsch","10":"product_tag-dose","11":"product_tag-geselligkeit","12":"product_tag-schweizer-bier","14":"first","15":"instock","16":"taxable","17":"shipping-taxable","18":"purchasable","19":"product-type-simple","20":"entry","21":"content-bg","22":"loop-entry"},"jetpack_sharing_enabled":true,"_links":{"self":[{"href":"https:\/\/dev.getraenke-center.ch\/index.php?rest_route=\/wp\/v2\/product\/1410","targetHints":{"allow":["GET"]}}],"collection":[{"href":"https:\/\/dev.getraenke-center.ch\/index.php?rest_route=\/wp\/v2\/product"}],"about":[{"href":"https:\/\/dev.getraenke-center.ch\/index.php?rest_route=\/wp\/v2\/types\/product"}],"wp:featuredmedia":[{"embeddable":true,"href":"https:\/\/dev.getraenke-center.ch\/index.php?rest_route=\/wp\/v2\/media\/1440"}],"wp:attachment":[{"href":"https:\/\/dev.getraenke-center.ch\/index.php?rest_route=%2Fwp%2Fv2%2Fmedia&parent=1410"}],"wp:term":[{"taxonomy":"product_cat","embeddable":true,"href":"https:\/\/dev.getraenke-center.ch\/index.php?rest_route=%2Fwp%2Fv2%2Fproduct_cat&post=1410"},{"taxonomy":"product_tag","embeddable":true,"href":"https:\/\/dev.getraenke-center.ch\/index.php?rest_route=%2Fwp%2Fv2%2Fproduct_tag&post=1410"}],"curies":[{"name":"wp","href":"https:\/\/api.w.org\/{rel}","templated":true}]}}