{"id":1831,"date":"2024-11-27T12:02:10","date_gmt":"2024-11-27T12:02:10","guid":{"rendered":"https:\/\/dev.getraenke-center.ch\/?post_type=product&#038;p=1831"},"modified":"2024-11-27T12:02:13","modified_gmt":"2024-11-27T12:02:13","slug":"vodka-gold-trojka-22-070-liter","status":"publish","type":"product","link":"https:\/\/dev.getraenke-center.ch\/?product=vodka-gold-trojka-22-070-liter","title":{"rendered":"Vodka Gold Trojka 22% 0,70 Liter"},"content":{"rendered":"<p>Tauchen Sie ein in den luxuri\u00f6sen Genuss von Trojka Vodka Gold. Dieser Vodka zeichnet sich durch seine glatte Reinheit und einen Hauch von Luxus aus, pr\u00e4sentiert in einer edlen goldenen Flasche. Ideal f\u00fcr Genie\u00dfer, die nach einem exquisiten und geschmackvollen Spirituosen-Erlebnis suchen.<\/p>\n","protected":false},"excerpt":{"rendered":"<p>Erleben Sie den luxuri\u00f6sen Genuss von Trojka Vodka Gold.<\/p>\n","protected":false},"featured_media":1861,"template":"","meta":{"_kadence_starter_templates_imported_post":false,"_kad_post_transparent":"","_kad_post_title":"","_kad_post_layout":"","_kad_post_sidebar_id":"","_kad_post_content_style":"","_kad_post_vertical_padding":"","_kad_post_feature":"","_kad_post_feature_position":"","_kad_post_header":false,"_kad_post_footer":false},"product_cat":[445,680],"product_tag":[42,679,1315,1002,1311,1316,1312,1317,1318],"class_list":{"0":"post-1831","1":"product","2":"type-product","3":"status-publish","4":"has-post-thumbnail","6":"product_cat-spirituosen","7":"product_cat-vodka","8":"product_tag-genuss","9":"product_tag-vodka","10":"product_tag-exquisit","11":"product_tag-geschmackvoll","12":"product_tag-glatt","13":"product_tag-gold","14":"product_tag-klare-spirituosen","15":"product_tag-luxurioes","16":"product_tag-trojka-vodka-gold","18":"first","19":"instock","20":"taxable","21":"shipping-taxable","22":"purchasable","23":"product-type-simple","24":"entry","25":"content-bg","26":"loop-entry"},"jetpack_sharing_enabled":true,"_links":{"self":[{"href":"https:\/\/dev.getraenke-center.ch\/index.php?rest_route=\/wp\/v2\/product\/1831","targetHints":{"allow":["GET"]}}],"collection":[{"href":"https:\/\/dev.getraenke-center.ch\/index.php?rest_route=\/wp\/v2\/product"}],"about":[{"href":"https:\/\/dev.getraenke-center.ch\/index.php?rest_route=\/wp\/v2\/types\/product"}],"wp:featuredmedia":[{"embeddable":true,"href":"https:\/\/dev.getraenke-center.ch\/index.php?rest_route=\/wp\/v2\/media\/1861"}],"wp:attachment":[{"href":"https:\/\/dev.getraenke-center.ch\/index.php?rest_route=%2Fwp%2Fv2%2Fmedia&parent=1831"}],"wp:term":[{"taxonomy":"product_cat","embeddable":true,"href":"https:\/\/dev.getraenke-center.ch\/index.php?rest_route=%2Fwp%2Fv2%2Fproduct_cat&post=1831"},{"taxonomy":"product_tag","embeddable":true,"href":"https:\/\/dev.getraenke-center.ch\/index.php?rest_route=%2Fwp%2Fv2%2Fproduct_tag&post=1831"}],"curies":[{"name":"wp","href":"https:\/\/api.w.org\/{rel}","templated":true}]}}