{"id":1841,"date":"2024-11-27T12:02:10","date_gmt":"2024-11-27T12:02:10","guid":{"rendered":"https:\/\/dev.getraenke-center.ch\/?post_type=product&#038;p=1841"},"modified":"2024-11-27T12:02:16","modified_gmt":"2024-11-27T12:02:16","slug":"rum-coruba-40-0-70-liter","status":"publish","type":"product","link":"https:\/\/dev.getraenke-center.ch\/?product=rum-coruba-40-0-70-liter","title":{"rendered":"Rum Coruba 40% 0.70 Liter"},"content":{"rendered":"<p>Tauchen Sie ein in die exotische Aromenvielfalt von Coruba Rum. Dieser Rum, mit seinen reichen Noten von Gew\u00fcrzen und Fr\u00fcchten, verspricht ein einzigartiges und intensives Geschmackserlebnis. Ideal f\u00fcr Rum-Liebhaber, die nach einem exquisiten und tropischen Genuss suchen.<\/p>\n","protected":false},"excerpt":{"rendered":"<p>Entdecken Sie die exotische Aromenvielfalt von Coruba Rum.<\/p>\n","protected":false},"featured_media":1871,"template":"","meta":{"_kadence_starter_templates_imported_post":false,"_kad_post_transparent":"","_kad_post_title":"","_kad_post_layout":"","_kad_post_sidebar_id":"","_kad_post_content_style":"","_kad_post_vertical_padding":"","_kad_post_feature":"","_kad_post_feature_position":"","_kad_post_header":false,"_kad_post_footer":false},"product_cat":[1334,445],"product_tag":[507,312,42,195,1349,313,1115,928],"class_list":{"0":"post-1841","1":"product","2":"type-product","3":"status-publish","4":"has-post-thumbnail","6":"product_cat-rum","7":"product_cat-spirituosen","8":"product_tag-aromenvielfalt","9":"product_tag-exotisch","10":"product_tag-genuss","11":"product_tag-intensiv","12":"product_tag-coruba-rum","13":"product_tag-fruechte","14":"product_tag-gewuerze","15":"product_tag-rum","17":"first","18":"instock","19":"taxable","20":"shipping-taxable","21":"purchasable","22":"product-type-simple","23":"entry","24":"content-bg","25":"loop-entry"},"jetpack_sharing_enabled":true,"_links":{"self":[{"href":"https:\/\/dev.getraenke-center.ch\/index.php?rest_route=\/wp\/v2\/product\/1841","targetHints":{"allow":["GET"]}}],"collection":[{"href":"https:\/\/dev.getraenke-center.ch\/index.php?rest_route=\/wp\/v2\/product"}],"about":[{"href":"https:\/\/dev.getraenke-center.ch\/index.php?rest_route=\/wp\/v2\/types\/product"}],"wp:featuredmedia":[{"embeddable":true,"href":"https:\/\/dev.getraenke-center.ch\/index.php?rest_route=\/wp\/v2\/media\/1871"}],"wp:attachment":[{"href":"https:\/\/dev.getraenke-center.ch\/index.php?rest_route=%2Fwp%2Fv2%2Fmedia&parent=1841"}],"wp:term":[{"taxonomy":"product_cat","embeddable":true,"href":"https:\/\/dev.getraenke-center.ch\/index.php?rest_route=%2Fwp%2Fv2%2Fproduct_cat&post=1841"},{"taxonomy":"product_tag","embeddable":true,"href":"https:\/\/dev.getraenke-center.ch\/index.php?rest_route=%2Fwp%2Fv2%2Fproduct_tag&post=1841"}],"curies":[{"name":"wp","href":"https:\/\/api.w.org\/{rel}","templated":true}]}}