{"id":1950,"date":"2024-11-27T12:02:25","date_gmt":"2024-11-27T12:02:25","guid":{"rendered":"https:\/\/dev.getraenke-center.ch\/?post_type=product&#038;p=1950"},"modified":"2024-11-27T12:02:29","modified_gmt":"2024-11-27T12:02:29","slug":"eierlikoer-kikerikirsch-bio-knospe-16-0-35-liter","status":"publish","type":"product","link":"https:\/\/dev.getraenke-center.ch\/?product=eierlikoer-kikerikirsch-bio-knospe-16-0-35-liter","title":{"rendered":"Eierlik\u00f6r KikeriKirsch Bio Knospe 16% 0.35 Liter"},"content":{"rendered":"<p>Tauchen Sie ein in die Welt des Bio-Genusses mit Eierlik\u00f6r KikeriKirsch. Mit einem Alkoholgehalt von 16% bietet dieses k\u00f6stliche Getr\u00e4nk eine harmonische Mischung aus Eierlik\u00f6r und dem s\u00fc\u00dfen Aroma von Kirschen. Ideal f\u00fcr Genie\u00dfer, die nach einem Bio-Genuss suchen, der die Sinne verw\u00f6hnt.<\/p>\n","protected":false},"excerpt":{"rendered":"<p>Genie\u00dfen Sie die Bio-Qualit\u00e4t von Eierlik\u00f6r KikeriKirsch.<\/p>\n","protected":false},"featured_media":1980,"template":"","meta":{"_kadence_starter_templates_imported_post":false,"_kad_post_transparent":"","_kad_post_title":"","_kad_post_layout":"","_kad_post_sidebar_id":"","_kad_post_content_style":"","_kad_post_vertical_padding":"","_kad_post_feature":"","_kad_post_feature_position":"","_kad_post_header":false,"_kad_post_footer":false},"product_cat":[450,445],"product_tag":[42,1468,829,1469,1471,1472,1470],"class_list":{"0":"post-1950","1":"product","2":"type-product","3":"status-publish","4":"has-post-thumbnail","6":"product_cat-likoer","7":"product_cat-spirituosen","8":"product_tag-genuss","9":"product_tag-1468","10":"product_tag-bio","11":"product_tag-eierlikoer-kikerikirsch","12":"product_tag-kirscharoma","13":"product_tag-knospe","14":"product_tag-koestlich","16":"first","17":"instock","18":"taxable","19":"shipping-taxable","20":"purchasable","21":"product-type-simple","22":"entry","23":"content-bg","24":"loop-entry"},"jetpack_sharing_enabled":true,"_links":{"self":[{"href":"https:\/\/dev.getraenke-center.ch\/index.php?rest_route=\/wp\/v2\/product\/1950","targetHints":{"allow":["GET"]}}],"collection":[{"href":"https:\/\/dev.getraenke-center.ch\/index.php?rest_route=\/wp\/v2\/product"}],"about":[{"href":"https:\/\/dev.getraenke-center.ch\/index.php?rest_route=\/wp\/v2\/types\/product"}],"wp:featuredmedia":[{"embeddable":true,"href":"https:\/\/dev.getraenke-center.ch\/index.php?rest_route=\/wp\/v2\/media\/1980"}],"wp:attachment":[{"href":"https:\/\/dev.getraenke-center.ch\/index.php?rest_route=%2Fwp%2Fv2%2Fmedia&parent=1950"}],"wp:term":[{"taxonomy":"product_cat","embeddable":true,"href":"https:\/\/dev.getraenke-center.ch\/index.php?rest_route=%2Fwp%2Fv2%2Fproduct_cat&post=1950"},{"taxonomy":"product_tag","embeddable":true,"href":"https:\/\/dev.getraenke-center.ch\/index.php?rest_route=%2Fwp%2Fv2%2Fproduct_tag&post=1950"}],"curies":[{"name":"wp","href":"https:\/\/api.w.org\/{rel}","templated":true}]}}