{"id":1961,"date":"2024-11-27T12:02:25","date_gmt":"2024-11-27T12:02:25","guid":{"rendered":"https:\/\/dev.getraenke-center.ch\/?post_type=product&#038;p=1961"},"modified":"2024-11-27T12:02:31","modified_gmt":"2024-11-27T12:02:31","slug":"likoer-chrueter-40-1-liter","status":"publish","type":"product","link":"https:\/\/dev.getraenke-center.ch\/?product=likoer-chrueter-40-1-liter","title":{"rendered":"Lik\u00f6r Chr\u00fcter 40% 1 Liter"},"content":{"rendered":"<p>Tauchen Sie ein in die Vielfalt von Chr\u00fcter. Mit einem Alkoholgehalt von 40% pr\u00e4sentiert dieses Destillat eine harmonische Kombination aus ausgew\u00e4hlten Kr\u00e4utern und Gew\u00fcrzen, sorgf\u00e4ltig destilliert. Ideal f\u00fcr Liebhaber von Kr\u00e4uterdestillaten, die nach einem vielschichtigen und dennoch ausgewogenen Genusserlebnis suchen.<\/p>\n","protected":false},"excerpt":{"rendered":"<p>Entdecken Sie die Vielfalt von Chr\u00fcter 40%.<\/p>\n","protected":false},"featured_media":1991,"template":"","meta":{"_kadence_starter_templates_imported_post":false,"_kad_post_transparent":"","_kad_post_title":"","_kad_post_layout":"","_kad_post_sidebar_id":"","_kad_post_content_style":"","_kad_post_vertical_padding":"","_kad_post_feature":"","_kad_post_feature_position":"","_kad_post_header":false,"_kad_post_footer":false},"product_cat":[450,445],"product_tag":[42,385,1436,1488,1453,1115,1402,159,1489],"class_list":{"0":"post-1961","1":"product","2":"type-product","3":"status-publish","4":"has-post-thumbnail","6":"product_cat-likoer","7":"product_cat-spirituosen","8":"product_tag-genuss","9":"product_tag-vielfalt","10":"product_tag-1436","11":"product_tag-chrueter-40","12":"product_tag-destillat","13":"product_tag-gewuerze","14":"product_tag-harmonisch","15":"product_tag-kraeuter","16":"product_tag-sorgfaeltig-destilliert","18":"first","19":"instock","20":"taxable","21":"shipping-taxable","22":"purchasable","23":"product-type-simple","24":"entry","25":"content-bg","26":"loop-entry"},"jetpack_sharing_enabled":true,"_links":{"self":[{"href":"https:\/\/dev.getraenke-center.ch\/index.php?rest_route=\/wp\/v2\/product\/1961","targetHints":{"allow":["GET"]}}],"collection":[{"href":"https:\/\/dev.getraenke-center.ch\/index.php?rest_route=\/wp\/v2\/product"}],"about":[{"href":"https:\/\/dev.getraenke-center.ch\/index.php?rest_route=\/wp\/v2\/types\/product"}],"wp:featuredmedia":[{"embeddable":true,"href":"https:\/\/dev.getraenke-center.ch\/index.php?rest_route=\/wp\/v2\/media\/1991"}],"wp:attachment":[{"href":"https:\/\/dev.getraenke-center.ch\/index.php?rest_route=%2Fwp%2Fv2%2Fmedia&parent=1961"}],"wp:term":[{"taxonomy":"product_cat","embeddable":true,"href":"https:\/\/dev.getraenke-center.ch\/index.php?rest_route=%2Fwp%2Fv2%2Fproduct_cat&post=1961"},{"taxonomy":"product_tag","embeddable":true,"href":"https:\/\/dev.getraenke-center.ch\/index.php?rest_route=%2Fwp%2Fv2%2Fproduct_tag&post=1961"}],"curies":[{"name":"wp","href":"https:\/\/api.w.org\/{rel}","templated":true}]}}