{"id":1993,"date":"2024-11-27T12:02:32","date_gmt":"2024-11-27T12:02:32","guid":{"rendered":"https:\/\/dev.getraenke-center.ch\/?post_type=product&#038;p=1993"},"modified":"2024-11-27T12:02:33","modified_gmt":"2024-11-27T12:02:33","slug":"likoer-amaretto-casoni-28-0-70-liter","status":"publish","type":"product","link":"https:\/\/dev.getraenke-center.ch\/?product=likoer-amaretto-casoni-28-0-70-liter","title":{"rendered":"Lik\u00f6r Amaretto Casoni 28% 0.70 Liter"},"content":{"rendered":"<p>Tauchen Sie ein in die s\u00fc\u00dfe Verf\u00fchrung von Amaretto Casoni. Mit einem Alkoholgehalt von 28% pr\u00e4sentiert dieser Lik\u00f6r das intensive Aroma von Mandeln, eingebettet in eine harmonische Komposition. Ideal f\u00fcr Liebhaber von s\u00fc\u00dfen Lik\u00f6ren, die nach einem delikaten und dennoch ausdrucksstarken Genusserlebnis suchen.<\/p>\n","protected":false},"excerpt":{"rendered":"<p>Genie\u00dfen Sie die s\u00fc\u00dfe Verf\u00fchrung von Amaretto Casoni.<\/p>\n","protected":false},"featured_media":2023,"template":"","meta":{"_kadence_starter_templates_imported_post":false,"_kad_post_transparent":"","_kad_post_title":"","_kad_post_layout":"","_kad_post_sidebar_id":"","_kad_post_content_style":"","_kad_post_vertical_padding":"","_kad_post_feature":"","_kad_post_feature_position":"","_kad_post_header":false,"_kad_post_footer":false},"product_cat":[450,445],"product_tag":[42,449,143,1493,1494,1320,1402,1495,1496],"class_list":{"0":"post-1993","1":"product","2":"type-product","3":"status-publish","4":"has-post-thumbnail","6":"product_cat-likoer","7":"product_cat-spirituosen","8":"product_tag-genuss","9":"product_tag-likoer","10":"product_tag-suess","11":"product_tag-1493","12":"product_tag-amaretto-casoni","13":"product_tag-delikat","14":"product_tag-harmonisch","15":"product_tag-mandelaroma","16":"product_tag-verfuehrung","18":"first","19":"instock","20":"taxable","21":"shipping-taxable","22":"purchasable","23":"product-type-simple","24":"entry","25":"content-bg","26":"loop-entry"},"jetpack_sharing_enabled":true,"_links":{"self":[{"href":"https:\/\/dev.getraenke-center.ch\/index.php?rest_route=\/wp\/v2\/product\/1993","targetHints":{"allow":["GET"]}}],"collection":[{"href":"https:\/\/dev.getraenke-center.ch\/index.php?rest_route=\/wp\/v2\/product"}],"about":[{"href":"https:\/\/dev.getraenke-center.ch\/index.php?rest_route=\/wp\/v2\/types\/product"}],"wp:featuredmedia":[{"embeddable":true,"href":"https:\/\/dev.getraenke-center.ch\/index.php?rest_route=\/wp\/v2\/media\/2023"}],"wp:attachment":[{"href":"https:\/\/dev.getraenke-center.ch\/index.php?rest_route=%2Fwp%2Fv2%2Fmedia&parent=1993"}],"wp:term":[{"taxonomy":"product_cat","embeddable":true,"href":"https:\/\/dev.getraenke-center.ch\/index.php?rest_route=%2Fwp%2Fv2%2Fproduct_cat&post=1993"},{"taxonomy":"product_tag","embeddable":true,"href":"https:\/\/dev.getraenke-center.ch\/index.php?rest_route=%2Fwp%2Fv2%2Fproduct_tag&post=1993"}],"curies":[{"name":"wp","href":"https:\/\/api.w.org\/{rel}","templated":true}]}}