{"id":1994,"date":"2024-11-27T12:02:32","date_gmt":"2024-11-27T12:02:32","guid":{"rendered":"https:\/\/dev.getraenke-center.ch\/?post_type=product&#038;p=1994"},"modified":"2024-11-27T12:02:33","modified_gmt":"2024-11-27T12:02:33","slug":"likoer-amaretto-disaronno-28-0-70-liter","status":"publish","type":"product","link":"https:\/\/dev.getraenke-center.ch\/?product=likoer-amaretto-disaronno-28-0-70-liter","title":{"rendered":"Lik\u00f6r Amaretto Disaronno 28% 0.70 Liter"},"content":{"rendered":"<p>Entdecken Sie den unverwechselbaren Geschmack von Amaretto Disaronno. Mit einem Alkoholgehalt von 28% bietet dieser Lik\u00f6r ein intensives Mandelaroma, eingebettet in eine harmonische Komposition. Ideal f\u00fcr Genie\u00dfer, die nach einem klassischen und dennoch raffinierten Amaretto-Erlebnis suchen.<\/p>\n","protected":false},"excerpt":{"rendered":"<p>Tauchen Sie ein in den Geschmack von Amaretto Disaronno.<\/p>\n","protected":false},"featured_media":2024,"template":"","meta":{"_kadence_starter_templates_imported_post":false,"_kad_post_transparent":"","_kad_post_title":"","_kad_post_layout":"","_kad_post_sidebar_id":"","_kad_post_content_style":"","_kad_post_vertical_padding":"","_kad_post_feature":"","_kad_post_feature_position":"","_kad_post_header":false,"_kad_post_footer":false},"product_cat":[450,445],"product_tag":[42,449,1493,1497,1402,174,1495,1257],"class_list":{"0":"post-1994","1":"product","2":"type-product","3":"status-publish","4":"has-post-thumbnail","6":"product_cat-likoer","7":"product_cat-spirituosen","8":"product_tag-genuss","9":"product_tag-likoer","10":"product_tag-1493","11":"product_tag-amaretto-disaronno","12":"product_tag-harmonisch","13":"product_tag-klassisch","14":"product_tag-mandelaroma","15":"product_tag-raffiniert","17":"first","18":"instock","19":"taxable","20":"shipping-taxable","21":"purchasable","22":"product-type-simple","23":"entry","24":"content-bg","25":"loop-entry"},"jetpack_sharing_enabled":true,"_links":{"self":[{"href":"https:\/\/dev.getraenke-center.ch\/index.php?rest_route=\/wp\/v2\/product\/1994","targetHints":{"allow":["GET"]}}],"collection":[{"href":"https:\/\/dev.getraenke-center.ch\/index.php?rest_route=\/wp\/v2\/product"}],"about":[{"href":"https:\/\/dev.getraenke-center.ch\/index.php?rest_route=\/wp\/v2\/types\/product"}],"wp:featuredmedia":[{"embeddable":true,"href":"https:\/\/dev.getraenke-center.ch\/index.php?rest_route=\/wp\/v2\/media\/2024"}],"wp:attachment":[{"href":"https:\/\/dev.getraenke-center.ch\/index.php?rest_route=%2Fwp%2Fv2%2Fmedia&parent=1994"}],"wp:term":[{"taxonomy":"product_cat","embeddable":true,"href":"https:\/\/dev.getraenke-center.ch\/index.php?rest_route=%2Fwp%2Fv2%2Fproduct_cat&post=1994"},{"taxonomy":"product_tag","embeddable":true,"href":"https:\/\/dev.getraenke-center.ch\/index.php?rest_route=%2Fwp%2Fv2%2Fproduct_tag&post=1994"}],"curies":[{"name":"wp","href":"https:\/\/api.w.org\/{rel}","templated":true}]}}