{"id":1999,"date":"2024-11-27T12:02:32","date_gmt":"2024-11-27T12:02:32","guid":{"rendered":"https:\/\/dev.getraenke-center.ch\/?post_type=product&#038;p=1999"},"modified":"2024-11-27T12:02:34","modified_gmt":"2024-11-27T12:02:34","slug":"likoer-baerner-schnuuf-20-0-35-liter","status":"publish","type":"product","link":"https:\/\/dev.getraenke-center.ch\/?product=likoer-baerner-schnuuf-20-0-35-liter","title":{"rendered":"Lik\u00f6r B\u00e4rner Schnuuf 20% 0.35 Liter"},"content":{"rendered":"<p>Tauchen Sie ein in den einzigartigen Geschmack von B\u00e4rner Schnuuf. Mit einem Alkoholgehalt von 20% pr\u00e4sentiert dieser Lik\u00f6r eine unverwechselbare Mischung aus Kr\u00e4utern und Gew\u00fcrzen. Ideal f\u00fcr Liebhaber von regionalen Spezialit\u00e4ten, die nach einem authentischen und dennoch belebenden Genusserlebnis suchen.<\/p>\n","protected":false},"excerpt":{"rendered":"<p>Erleben Sie den einzigartigen Geschmack von B\u00e4rner Schnuuf.<\/p>\n","protected":false},"featured_media":2029,"template":"","meta":{"_kadence_starter_templates_imported_post":false,"_kad_post_transparent":"","_kad_post_title":"","_kad_post_layout":"","_kad_post_sidebar_id":"","_kad_post_content_style":"","_kad_post_vertical_padding":"","_kad_post_feature":"","_kad_post_feature_position":"","_kad_post_header":false,"_kad_post_footer":false},"product_cat":[450,445],"product_tag":[665,55,229,42,449,1514,1515,1115,159,1501],"class_list":{"0":"post-1999","1":"product","2":"type-product","3":"status-publish","4":"has-post-thumbnail","6":"product_cat-likoer","7":"product_cat-spirituosen","8":"product_tag-authentisch","9":"product_tag-belebend","10":"product_tag-einzigartig","11":"product_tag-genuss","12":"product_tag-likoer","13":"product_tag-1514","14":"product_tag-baerner-schnuuf","15":"product_tag-gewuerze","16":"product_tag-kraeuter","17":"product_tag-regional","19":"first","20":"instock","21":"taxable","22":"shipping-taxable","23":"purchasable","24":"product-type-simple","25":"entry","26":"content-bg","27":"loop-entry"},"jetpack_sharing_enabled":true,"_links":{"self":[{"href":"https:\/\/dev.getraenke-center.ch\/index.php?rest_route=\/wp\/v2\/product\/1999","targetHints":{"allow":["GET"]}}],"collection":[{"href":"https:\/\/dev.getraenke-center.ch\/index.php?rest_route=\/wp\/v2\/product"}],"about":[{"href":"https:\/\/dev.getraenke-center.ch\/index.php?rest_route=\/wp\/v2\/types\/product"}],"wp:featuredmedia":[{"embeddable":true,"href":"https:\/\/dev.getraenke-center.ch\/index.php?rest_route=\/wp\/v2\/media\/2029"}],"wp:attachment":[{"href":"https:\/\/dev.getraenke-center.ch\/index.php?rest_route=%2Fwp%2Fv2%2Fmedia&parent=1999"}],"wp:term":[{"taxonomy":"product_cat","embeddable":true,"href":"https:\/\/dev.getraenke-center.ch\/index.php?rest_route=%2Fwp%2Fv2%2Fproduct_cat&post=1999"},{"taxonomy":"product_tag","embeddable":true,"href":"https:\/\/dev.getraenke-center.ch\/index.php?rest_route=%2Fwp%2Fv2%2Fproduct_tag&post=1999"}],"curies":[{"name":"wp","href":"https:\/\/api.w.org\/{rel}","templated":true}]}}