{"id":2005,"date":"2024-11-27T12:02:32","date_gmt":"2024-11-27T12:02:32","guid":{"rendered":"https:\/\/dev.getraenke-center.ch\/?post_type=product&#038;p=2005"},"modified":"2024-11-27T12:02:35","modified_gmt":"2024-11-27T12:02:35","slug":"likoer-cassis-de-bourgogne-15-0-70-liter","status":"publish","type":"product","link":"https:\/\/dev.getraenke-center.ch\/?product=likoer-cassis-de-bourgogne-15-0-70-liter","title":{"rendered":"Lik\u00f6r Cassis de Bourgogne 15% 0.70 Liter"},"content":{"rendered":"<p>Tauchen Sie ein in die intensive Frische von Cassis de Bourgogne, einem Schwarzen Johannisbeerlik\u00f6r mit einem Alkoholgehalt von 15%. Dieser Lik\u00f6r besticht durch seine lebendige Fruchtigkeit und das reiche Aroma schwarzer Johannisbeeren. Ideal f\u00fcr Liebhaber von fruchtigen und aromatischen Lik\u00f6ren, die nach einem erfrischenden Genusserlebnis suchen.<\/p>\n","protected":false},"excerpt":{"rendered":"<p>Entdecken Sie die intensive Frische von Cassis de Bourgogne &#8211; Schwarzer Johannisbeerlik\u00f6r.<\/p>\n","protected":false},"featured_media":2035,"template":"","meta":{"_kadence_starter_templates_imported_post":false,"_kad_post_transparent":"","_kad_post_title":"","_kad_post_layout":"","_kad_post_sidebar_id":"","_kad_post_content_style":"","_kad_post_vertical_padding":"","_kad_post_feature":"","_kad_post_feature_position":"","_kad_post_header":false,"_kad_post_footer":false},"product_cat":[450,445],"product_tag":[439,104,42,449,1527,1528,110,163,1529],"class_list":{"0":"post-2005","1":"product","2":"type-product","3":"status-publish","4":"has-post-thumbnail","6":"product_cat-likoer","7":"product_cat-spirituosen","8":"product_tag-aromatisch","9":"product_tag-fruchtig","10":"product_tag-genuss","11":"product_tag-likoer","12":"product_tag-1527","13":"product_tag-cassis-de-bourgogne","14":"product_tag-frisch","15":"product_tag-lebendig","16":"product_tag-schwarze-johannisbeeren","18":"first","19":"instock","20":"taxable","21":"shipping-taxable","22":"purchasable","23":"product-type-simple","24":"entry","25":"content-bg","26":"loop-entry"},"jetpack_sharing_enabled":true,"_links":{"self":[{"href":"https:\/\/dev.getraenke-center.ch\/index.php?rest_route=\/wp\/v2\/product\/2005","targetHints":{"allow":["GET"]}}],"collection":[{"href":"https:\/\/dev.getraenke-center.ch\/index.php?rest_route=\/wp\/v2\/product"}],"about":[{"href":"https:\/\/dev.getraenke-center.ch\/index.php?rest_route=\/wp\/v2\/types\/product"}],"wp:featuredmedia":[{"embeddable":true,"href":"https:\/\/dev.getraenke-center.ch\/index.php?rest_route=\/wp\/v2\/media\/2035"}],"wp:attachment":[{"href":"https:\/\/dev.getraenke-center.ch\/index.php?rest_route=%2Fwp%2Fv2%2Fmedia&parent=2005"}],"wp:term":[{"taxonomy":"product_cat","embeddable":true,"href":"https:\/\/dev.getraenke-center.ch\/index.php?rest_route=%2Fwp%2Fv2%2Fproduct_cat&post=2005"},{"taxonomy":"product_tag","embeddable":true,"href":"https:\/\/dev.getraenke-center.ch\/index.php?rest_route=%2Fwp%2Fv2%2Fproduct_tag&post=2005"}],"curies":[{"name":"wp","href":"https:\/\/api.w.org\/{rel}","templated":true}]}}