{"id":2009,"date":"2024-11-27T12:02:32","date_gmt":"2024-11-27T12:02:32","guid":{"rendered":"https:\/\/dev.getraenke-center.ch\/?post_type=product&#038;p=2009"},"modified":"2024-11-27T12:02:36","modified_gmt":"2024-11-27T12:02:36","slug":"likoer-metaxa-5-38-0-70-liter","status":"publish","type":"product","link":"https:\/\/dev.getraenke-center.ch\/?product=likoer-metaxa-5-38-0-70-liter","title":{"rendered":"Lik\u00f6r Metaxa 5***** 38% 0.70 Liter"},"content":{"rendered":"<p>Genie\u00dfen Sie die Eleganz von Metaxa 5*****, einem griechischen Klassiker mit einem Alkoholgehalt von 38%. Dieser einzigartige Brandy-Lik\u00f6r kombiniert ausgew\u00e4hlte Weindestillate mit griechischem Honig und erlesenen Kr\u00e4utern. Das Ergebnis ist ein harmonischer Genuss voller Charakter und Tradition. Ideal f\u00fcr Liebhaber von hochwertigen und exquisiten Lik\u00f6ren.<\/p>\n","protected":false},"excerpt":{"rendered":"<p>Erleben Sie die Eleganz von Metaxa 5***** &#8211; ein griechischer Klassiker.<\/p>\n","protected":false},"featured_media":2039,"template":"","meta":{"_kadence_starter_templates_imported_post":false,"_kad_post_transparent":"","_kad_post_title":"","_kad_post_layout":"","_kad_post_sidebar_id":"","_kad_post_content_style":"","_kad_post_vertical_padding":"","_kad_post_feature":"","_kad_post_feature_position":"","_kad_post_header":false,"_kad_post_footer":false},"product_cat":[450,445],"product_tag":[552,596,42,449,582,1451,1129,1536,1399,279,159,1537],"class_list":{"0":"post-2009","1":"product","2":"type-product","3":"status-publish","4":"has-post-thumbnail","6":"product_cat-likoer","7":"product_cat-spirituosen","8":"product_tag-brandy","9":"product_tag-eleganz","10":"product_tag-genuss","11":"product_tag-likoer","12":"product_tag-tradition","13":"product_tag-1451","14":"product_tag-charakter","15":"product_tag-griechenland","16":"product_tag-honig","17":"product_tag-klassiker","18":"product_tag-kraeuter","19":"product_tag-metaxa-5","21":"first","22":"instock","23":"taxable","24":"shipping-taxable","25":"purchasable","26":"product-type-simple","27":"entry","28":"content-bg","29":"loop-entry"},"jetpack_sharing_enabled":true,"_links":{"self":[{"href":"https:\/\/dev.getraenke-center.ch\/index.php?rest_route=\/wp\/v2\/product\/2009","targetHints":{"allow":["GET"]}}],"collection":[{"href":"https:\/\/dev.getraenke-center.ch\/index.php?rest_route=\/wp\/v2\/product"}],"about":[{"href":"https:\/\/dev.getraenke-center.ch\/index.php?rest_route=\/wp\/v2\/types\/product"}],"wp:featuredmedia":[{"embeddable":true,"href":"https:\/\/dev.getraenke-center.ch\/index.php?rest_route=\/wp\/v2\/media\/2039"}],"wp:attachment":[{"href":"https:\/\/dev.getraenke-center.ch\/index.php?rest_route=%2Fwp%2Fv2%2Fmedia&parent=2009"}],"wp:term":[{"taxonomy":"product_cat","embeddable":true,"href":"https:\/\/dev.getraenke-center.ch\/index.php?rest_route=%2Fwp%2Fv2%2Fproduct_cat&post=2009"},{"taxonomy":"product_tag","embeddable":true,"href":"https:\/\/dev.getraenke-center.ch\/index.php?rest_route=%2Fwp%2Fv2%2Fproduct_tag&post=2009"}],"curies":[{"name":"wp","href":"https:\/\/api.w.org\/{rel}","templated":true}]}}