{"id":2012,"date":"2024-11-27T12:02:32","date_gmt":"2024-11-27T12:02:32","guid":{"rendered":"https:\/\/dev.getraenke-center.ch\/?post_type=product&#038;p=2012"},"modified":"2024-11-27T12:02:36","modified_gmt":"2024-11-27T12:02:36","slug":"schnaps-uelis-herdoepfeler-40-1-liter","status":"publish","type":"product","link":"https:\/\/dev.getraenke-center.ch\/?product=schnaps-uelis-herdoepfeler-40-1-liter","title":{"rendered":"Schnaps Ueli&#8217;s Herd\u00f6pfeler 40% 1 Liter"},"content":{"rendered":"<p>Tauchen Sie ein in die Schweizer Handwerkskunst von Ueli&#8217;s Herd\u00f6pfeler, einem Kartoffelschnaps mit einem Alkoholgehalt von 40%. Dieser einzigartige Schnaps wird aus sorgf\u00e4ltig ausgew\u00e4hlten Kartoffeln hergestellt und \u00fcberzeugt durch seinen charakteristischen Geschmack. Ideal f\u00fcr Liebhaber von handgefertigten und regionalen Spirituosen, die nach einem authentischen Schweizer Genusserlebnis suchen.<\/p>\n","protected":false},"excerpt":{"rendered":"<p>Entdecken Sie die Schweizer Handwerkskunst von Ueli&#8217;s Herd\u00f6pfeler &#8211; Kartoffelschnaps mit Charakter.<\/p>\n","protected":false},"featured_media":2042,"template":"","meta":{"_kadence_starter_templates_imported_post":false,"_kad_post_transparent":"","_kad_post_title":"","_kad_post_layout":"","_kad_post_sidebar_id":"","_kad_post_content_style":"","_kad_post_vertical_padding":"","_kad_post_feature":"","_kad_post_feature_position":"","_kad_post_header":false,"_kad_post_footer":false},"product_cat":[469,445],"product_tag":[42,598,1436,1129,1545,1501,1546,1547,1548],"class_list":{"0":"post-2012","1":"product","2":"type-product","3":"status-publish","4":"has-post-thumbnail","6":"product_cat-schnaps","7":"product_cat-spirituosen","8":"product_tag-genuss","9":"product_tag-handwerkskunst","10":"product_tag-1436","11":"product_tag-charakter","12":"product_tag-kartoffel","13":"product_tag-regional","14":"product_tag-schnaps","15":"product_tag-schweiz","16":"product_tag-uelis-herdoepfeler","18":"first","19":"instock","20":"taxable","21":"shipping-taxable","22":"purchasable","23":"product-type-simple","24":"entry","25":"content-bg","26":"loop-entry"},"jetpack_sharing_enabled":true,"_links":{"self":[{"href":"https:\/\/dev.getraenke-center.ch\/index.php?rest_route=\/wp\/v2\/product\/2012","targetHints":{"allow":["GET"]}}],"collection":[{"href":"https:\/\/dev.getraenke-center.ch\/index.php?rest_route=\/wp\/v2\/product"}],"about":[{"href":"https:\/\/dev.getraenke-center.ch\/index.php?rest_route=\/wp\/v2\/types\/product"}],"wp:featuredmedia":[{"embeddable":true,"href":"https:\/\/dev.getraenke-center.ch\/index.php?rest_route=\/wp\/v2\/media\/2042"}],"wp:attachment":[{"href":"https:\/\/dev.getraenke-center.ch\/index.php?rest_route=%2Fwp%2Fv2%2Fmedia&parent=2012"}],"wp:term":[{"taxonomy":"product_cat","embeddable":true,"href":"https:\/\/dev.getraenke-center.ch\/index.php?rest_route=%2Fwp%2Fv2%2Fproduct_cat&post=2012"},{"taxonomy":"product_tag","embeddable":true,"href":"https:\/\/dev.getraenke-center.ch\/index.php?rest_route=%2Fwp%2Fv2%2Fproduct_tag&post=2012"}],"curies":[{"name":"wp","href":"https:\/\/api.w.org\/{rel}","templated":true}]}}