{"id":2022,"date":"2024-11-27T12:02:33","date_gmt":"2024-11-27T12:02:33","guid":{"rendered":"https:\/\/dev.getraenke-center.ch\/?post_type=product&#038;p=2022"},"modified":"2024-11-27T12:02:38","modified_gmt":"2024-11-27T12:02:38","slug":"bier-feldschloesschen-pils-10-x-033-liter","status":"publish","type":"product","link":"https:\/\/dev.getraenke-center.ch\/?product=bier-feldschloesschen-pils-10-x-033-liter","title":{"rendered":"Bier Feldschlo\u0308sschen Pils 10 x 0,33 Liter"},"content":{"rendered":"<p>Feldschl\u00f6sschen steht f\u00fcr handwerkliche Braukunst mit einer reichen Tradition, die seit Generationen fortgef\u00fchrt wird. Die Auswahl hochwertiger Zutaten und das Streben nach Qualit\u00e4t pr\u00e4gen das unverwechselbare Geschmackserlebnis unserer Biere. Entdecken Sie den zeitlosen Genuss von Feldschl\u00f6sschen.<\/p>\n","protected":false},"excerpt":{"rendered":"<p><strong>Preis pro Flasche<\/strong><\/p>\n<p>Handwerkliche Braukunst seit Generationen<\/p>\n","protected":false},"featured_media":2052,"template":"","meta":{"_kadence_starter_templates_imported_post":false,"_kad_post_transparent":"","_kad_post_title":"","_kad_post_layout":"","_kad_post_sidebar_id":"","_kad_post_content_style":"","_kad_post_vertical_padding":"","_kad_post_feature":"","_kad_post_feature_position":"","_kad_post_header":false,"_kad_post_footer":false},"product_cat":[70,157],"product_tag":[42,320,582,1104,1108,1560,1561,884,888,1505],"class_list":{"0":"post-2022","1":"product","2":"type-product","3":"status-publish","4":"has-post-thumbnail","6":"product_cat-bier","7":"product_cat-reduzierte-produkte","8":"product_tag-genuss","9":"product_tag-qualitaet","10":"product_tag-tradition","11":"product_tag-bier","12":"product_tag-bierkultur","13":"product_tag-biermarke","14":"product_tag-brauerei","15":"product_tag-braukunst","16":"product_tag-feldschloesschen","17":"product_tag-handwerk","19":"first","20":"instock","21":"sale","22":"taxable","23":"shipping-taxable","24":"purchasable","25":"product-type-simple","26":"entry","27":"content-bg","28":"loop-entry"},"jetpack_sharing_enabled":true,"_links":{"self":[{"href":"https:\/\/dev.getraenke-center.ch\/index.php?rest_route=\/wp\/v2\/product\/2022","targetHints":{"allow":["GET"]}}],"collection":[{"href":"https:\/\/dev.getraenke-center.ch\/index.php?rest_route=\/wp\/v2\/product"}],"about":[{"href":"https:\/\/dev.getraenke-center.ch\/index.php?rest_route=\/wp\/v2\/types\/product"}],"wp:featuredmedia":[{"embeddable":true,"href":"https:\/\/dev.getraenke-center.ch\/index.php?rest_route=\/wp\/v2\/media\/2052"}],"wp:attachment":[{"href":"https:\/\/dev.getraenke-center.ch\/index.php?rest_route=%2Fwp%2Fv2%2Fmedia&parent=2022"}],"wp:term":[{"taxonomy":"product_cat","embeddable":true,"href":"https:\/\/dev.getraenke-center.ch\/index.php?rest_route=%2Fwp%2Fv2%2Fproduct_cat&post=2022"},{"taxonomy":"product_tag","embeddable":true,"href":"https:\/\/dev.getraenke-center.ch\/index.php?rest_route=%2Fwp%2Fv2%2Fproduct_tag&post=2022"}],"curies":[{"name":"wp","href":"https:\/\/api.w.org\/{rel}","templated":true}]}}