{"id":2056,"date":"2024-11-27T12:02:39","date_gmt":"2024-11-27T12:02:39","guid":{"rendered":"https:\/\/dev.getraenke-center.ch\/?post_type=product&#038;p=2056"},"modified":"2024-11-27T12:02:41","modified_gmt":"2024-11-27T12:02:41","slug":"eckle-moscato-dolce-spumante-biagi-ekle-075-liter","status":"publish","type":"product","link":"https:\/\/dev.getraenke-center.ch\/?product=eckle-moscato-dolce-spumante-biagi-ekle-075-liter","title":{"rendered":"Eckle Moscato Dolce Spumante Biagi &#8222;EKLE\u0300&#8220; 0,75 Liter"},"content":{"rendered":"<p>Der Moscato Dolce Spumante &#8222;EKLE\u0300&#8220; von Biagi ist ein spritziger Wein, der s\u00fc\u00dfe Eleganz in jedem Schluck verspricht. Mit seinen fruchtigen Aromen und der feinen Perlage ist dieser Spumante ideal f\u00fcr besondere Anl\u00e4sse oder als Genussmoment zwischendurch. Erleben Sie den einzigartigen Charme von Biagi&#8217;s &#8222;EKLE\u0300&#8220;.<\/p>\n","protected":false},"excerpt":{"rendered":"<div class=\"flex-1 overflow-hidden\">\n<div class=\"react-scroll-to-bottom--css-pladc-79elbk h-full\">\n<div class=\"react-scroll-to-bottom--css-pladc-1n7m0yu\">\n<div class=\"flex flex-col pb-9 text-sm\">\n<div class=\"w-full text-token-text-primary\" data-testid=\"conversation-turn-23\">\n<div class=\"px-4 py-2 justify-center text-base md:gap-6 m-auto\">\n<div class=\"flex flex-1 text-base mx-auto gap-3 md:px-5 lg:px-1 xl:px-5 md:max-w-3xl lg:max-w-[40rem] xl:max-w-[48rem] group final-completion\">\n<div class=\"relative flex w-full flex-col lg:w-[calc(100%-115px)] agent-turn\">\n<div class=\"flex-col gap-1 md:gap-3\">\n<div class=\"flex flex-grow flex-col max-w-full\">\n<div class=\"min-h-[20px] text-message flex flex-col items-start gap-3 whitespace-pre-wrap break-words [.text-message+&amp;]:mt-5 overflow-x-auto\" data-message-author-role=\"assistant\" data-message-id=\"e96f6cc4-2466-4d13-9235-71c0ecf34091\">\n<div class=\"markdown prose w-full break-words dark:prose-invert dark\">\n<p>S\u00fc\u00dfe Eleganz in jedem Schluck<\/p>\n<\/div>\n<\/div>\n<\/div>\n<div class=\"mt-1 flex justify-start gap-3 empty:hidden\"><\/div>\n<\/div>\n<\/div>\n<\/div>\n<\/div>\n<\/div>\n<\/div>\n<\/div>\n<\/div>\n<\/div>\n","protected":false},"featured_media":2086,"template":"","meta":{"_kadence_starter_templates_imported_post":false,"_kad_post_transparent":"","_kad_post_title":"","_kad_post_layout":"","_kad_post_sidebar_id":"","_kad_post_content_style":"","_kad_post_vertical_padding":"","_kad_post_feature":"","_kad_post_feature_position":"","_kad_post_header":false,"_kad_post_footer":false},"product_cat":[185,228],"product_tag":[596,143,521,522,1565,1568,1569,794,1570,1571],"class_list":{"0":"post-2056","1":"product","2":"type-product","3":"status-publish","4":"has-post-thumbnail","6":"product_cat-champagner-prosseco","7":"product_cat-neu","8":"product_tag-eleganz","9":"product_tag-suess","10":"product_tag-wein","11":"product_tag-weinliebhaber","12":"product_tag-biagi","13":"product_tag-ekle","14":"product_tag-feierlichkeiten","15":"product_tag-italienischer-wein","16":"product_tag-moscato-dolce-spumante","17":"product_tag-perlwein","19":"first","20":"instock","21":"taxable","22":"shipping-taxable","23":"purchasable","24":"product-type-simple","25":"entry","26":"content-bg","27":"loop-entry"},"jetpack_sharing_enabled":true,"_links":{"self":[{"href":"https:\/\/dev.getraenke-center.ch\/index.php?rest_route=\/wp\/v2\/product\/2056","targetHints":{"allow":["GET"]}}],"collection":[{"href":"https:\/\/dev.getraenke-center.ch\/index.php?rest_route=\/wp\/v2\/product"}],"about":[{"href":"https:\/\/dev.getraenke-center.ch\/index.php?rest_route=\/wp\/v2\/types\/product"}],"wp:featuredmedia":[{"embeddable":true,"href":"https:\/\/dev.getraenke-center.ch\/index.php?rest_route=\/wp\/v2\/media\/2086"}],"wp:attachment":[{"href":"https:\/\/dev.getraenke-center.ch\/index.php?rest_route=%2Fwp%2Fv2%2Fmedia&parent=2056"}],"wp:term":[{"taxonomy":"product_cat","embeddable":true,"href":"https:\/\/dev.getraenke-center.ch\/index.php?rest_route=%2Fwp%2Fv2%2Fproduct_cat&post=2056"},{"taxonomy":"product_tag","embeddable":true,"href":"https:\/\/dev.getraenke-center.ch\/index.php?rest_route=%2Fwp%2Fv2%2Fproduct_tag&post=2056"}],"curies":[{"name":"wp","href":"https:\/\/api.w.org\/{rel}","templated":true}]}}