{"id":2058,"date":"2024-11-27T12:02:39","date_gmt":"2024-11-27T12:02:39","guid":{"rendered":"https:\/\/dev.getraenke-center.ch\/?post_type=product&#038;p=2058"},"modified":"2024-11-27T12:02:41","modified_gmt":"2024-11-27T12:02:41","slug":"rose-wein-signature-rose-kylie-minogue-075-liter","status":"publish","type":"product","link":"https:\/\/dev.getraenke-center.ch\/?product=rose-wein-signature-rose-kylie-minogue-075-liter","title":{"rendered":"Ros\u00e9 Wein Signature Ros\u00e9 Kylie Minogue 0,75 Liter"},"content":{"rendered":"<p>Der Signature Ros\u00e9 von Kylie Minogue ist ein einzigartiges Erlebnis f\u00fcr die Sinne. Mit seiner delikaten Farbe und fruchtigen Aromen pr\u00e4sentiert sich dieser Ros\u00e9 als Inbegriff von Eleganz und Raffinesse. Tauchen Sie ein in die Welt des Charmes und genie\u00dfen Sie jeden Schluck dieses von Kylie Minogue signierten Ros\u00e9-Weins.<\/p>\n","protected":false},"excerpt":{"rendered":"<p>Erleben Sie den Charme in jeder Nuance<\/p>\n","protected":false},"featured_media":2088,"template":"","meta":{"_kadence_starter_templates_imported_post":false,"_kad_post_transparent":"","_kad_post_title":"","_kad_post_layout":"","_kad_post_sidebar_id":"","_kad_post_content_style":"","_kad_post_vertical_padding":"","_kad_post_feature":"","_kad_post_feature_position":"","_kad_post_header":false,"_kad_post_footer":false},"product_cat":[228,95],"product_tag":[596,104,42,521,522,1577,1578,839,1579,1580],"class_list":{"0":"post-2058","1":"product","2":"type-product","3":"status-publish","4":"has-post-thumbnail","6":"product_cat-neu","7":"product_cat-rose-wein","8":"product_tag-eleganz","9":"product_tag-fruchtig","10":"product_tag-genuss","11":"product_tag-wein","12":"product_tag-weinliebhaber","13":"product_tag-kylie-minogue","14":"product_tag-promi-wein","15":"product_tag-raffinesse","16":"product_tag-rose","17":"product_tag-signatur","19":"first","20":"instock","21":"taxable","22":"shipping-taxable","23":"purchasable","24":"product-type-simple","25":"entry","26":"content-bg","27":"loop-entry"},"jetpack_sharing_enabled":true,"_links":{"self":[{"href":"https:\/\/dev.getraenke-center.ch\/index.php?rest_route=\/wp\/v2\/product\/2058","targetHints":{"allow":["GET"]}}],"collection":[{"href":"https:\/\/dev.getraenke-center.ch\/index.php?rest_route=\/wp\/v2\/product"}],"about":[{"href":"https:\/\/dev.getraenke-center.ch\/index.php?rest_route=\/wp\/v2\/types\/product"}],"wp:featuredmedia":[{"embeddable":true,"href":"https:\/\/dev.getraenke-center.ch\/index.php?rest_route=\/wp\/v2\/media\/2088"}],"wp:attachment":[{"href":"https:\/\/dev.getraenke-center.ch\/index.php?rest_route=%2Fwp%2Fv2%2Fmedia&parent=2058"}],"wp:term":[{"taxonomy":"product_cat","embeddable":true,"href":"https:\/\/dev.getraenke-center.ch\/index.php?rest_route=%2Fwp%2Fv2%2Fproduct_cat&post=2058"},{"taxonomy":"product_tag","embeddable":true,"href":"https:\/\/dev.getraenke-center.ch\/index.php?rest_route=%2Fwp%2Fv2%2Fproduct_tag&post=2058"}],"curies":[{"name":"wp","href":"https:\/\/api.w.org\/{rel}","templated":true}]}}