{"id":2068,"date":"2024-11-27T12:02:39","date_gmt":"2024-11-27T12:02:39","guid":{"rendered":"https:\/\/dev.getraenke-center.ch\/?post_type=product&#038;p=2068"},"modified":"2024-11-27T12:02:43","modified_gmt":"2024-11-27T12:02:43","slug":"mostchopf-zwetschge-prune-vieille-38-070-liter","status":"publish","type":"product","link":"https:\/\/dev.getraenke-center.ch\/?product=mostchopf-zwetschge-prune-vieille-38-070-liter","title":{"rendered":"Mostchopf Zwetschge \/ Prune Vieille 38% 0,70 Liter"},"content":{"rendered":"<p>Dieses Zwetschgen-Destillat wurde im Emmental mit viel Handarbeit hergestellt. Veredelt mit auserw\u00e4hltem D\u00f6rrobst, ohne Farb- und Aromastoffe. F\u00fcr einen Genussmoment, der die Kostbarkeit der Frucht in deinen Gaumen bringt: Mit Noten von Rinde und Zimt<\/p>\n","protected":false},"excerpt":{"rendered":"<p>Pur bei Raumtemperatur servieren oder der ideale Begleiter zu Kaffee<\/p>\n","protected":false},"featured_media":2098,"template":"","meta":{"_kadence_starter_templates_imported_post":false,"_kad_post_transparent":"","_kad_post_title":"","_kad_post_layout":"","_kad_post_sidebar_id":"","_kad_post_content_style":"","_kad_post_vertical_padding":"","_kad_post_feature":"","_kad_post_feature_position":"","_kad_post_header":false,"_kad_post_footer":false},"product_cat":[551,445],"product_tag":[295,42,143,582,1366,1595,1602,1603,1604],"class_list":{"0":"post-2068","1":"product","2":"type-product","3":"status-publish","4":"has-post-thumbnail","6":"product_cat-brandy","7":"product_cat-spirituosen","8":"product_tag-elegant","9":"product_tag-genuss","10":"product_tag-suess","11":"product_tag-tradition","12":"product_tag-komplex","13":"product_tag-mostchopf","14":"product_tag-prune-vieille","15":"product_tag-tiefgruendig","16":"product_tag-zwetschge","18":"first","19":"instock","20":"taxable","21":"shipping-taxable","22":"purchasable","23":"product-type-simple","24":"entry","25":"content-bg","26":"loop-entry"},"jetpack_sharing_enabled":true,"_links":{"self":[{"href":"https:\/\/dev.getraenke-center.ch\/index.php?rest_route=\/wp\/v2\/product\/2068","targetHints":{"allow":["GET"]}}],"collection":[{"href":"https:\/\/dev.getraenke-center.ch\/index.php?rest_route=\/wp\/v2\/product"}],"about":[{"href":"https:\/\/dev.getraenke-center.ch\/index.php?rest_route=\/wp\/v2\/types\/product"}],"wp:featuredmedia":[{"embeddable":true,"href":"https:\/\/dev.getraenke-center.ch\/index.php?rest_route=\/wp\/v2\/media\/2098"}],"wp:attachment":[{"href":"https:\/\/dev.getraenke-center.ch\/index.php?rest_route=%2Fwp%2Fv2%2Fmedia&parent=2068"}],"wp:term":[{"taxonomy":"product_cat","embeddable":true,"href":"https:\/\/dev.getraenke-center.ch\/index.php?rest_route=%2Fwp%2Fv2%2Fproduct_cat&post=2068"},{"taxonomy":"product_tag","embeddable":true,"href":"https:\/\/dev.getraenke-center.ch\/index.php?rest_route=%2Fwp%2Fv2%2Fproduct_tag&post=2068"}],"curies":[{"name":"wp","href":"https:\/\/api.w.org\/{rel}","templated":true}]}}