{"id":2239,"date":"2024-11-27T12:03:02","date_gmt":"2024-11-27T12:03:02","guid":{"rendered":"https:\/\/dev.getraenke-center.ch\/?post_type=product&#038;p=2239"},"modified":"2024-11-27T12:03:03","modified_gmt":"2024-11-27T12:03:03","slug":"bier-baerner-fest-bock-20-x-033-liter","status":"publish","type":"product","link":"https:\/\/dev.getraenke-center.ch\/?product=bier-baerner-fest-bock-20-x-033-liter","title":{"rendered":"Bier B\u00e4rner Fest Bock 20 x 0,33 Liter"},"content":{"rendered":"<p>B\u00e4rner Fest Bock ist ein kr\u00e4ftiges, festliches Bockbier, das speziell f\u00fcr besondere Anl\u00e4sse gebraut wird. Mit seiner intensiven Malznote, leicht karamelligen S\u00fc\u00dfe und einem vollen K\u00f6rper bietet es ein geschmackliches Erlebnis, das jeden Bockliebhaber begeistert. Dieses Bier zeichnet sich durch seine hohe Stammw\u00fcrze und einen etwas st\u00e4rkeren Alkoholgehalt aus, was ihm den typischen, vollmundigen Charakter verleiht. Perfekt als Begleitung zu herzhaften Speisen oder einfach als Genuss an k\u00fchlen Abenden, l\u00e4dt der B\u00e4rner Fest Bock dazu ein, die Tradition und den besonderen Geschmack dieses klassischen Bierstils zu feiern.<\/p>\n","protected":false},"excerpt":{"rendered":"<p>Preis pro Flasche<\/p>\n<p><b>Es ist wieder soweit: Die saisonale Bier-Spezialit\u00e4t \u00abB\u00e4rner Fest Bock\u00bb, die w\u00e4hrend sechs Monaten tief im Felsenkeller gelagert wurde, ist abgef\u00fcllt. Vom Saisonbier f\u00fcr die Festzeit wurde nur ein Sud produziert, deshalb gilt: Es het, solangs het.<\/b><\/p>\n","protected":false},"featured_media":2247,"template":"","meta":{"_kadence_starter_templates_imported_post":false,"_kad_post_transparent":"","_kad_post_title":"","_kad_post_layout":"","_kad_post_sidebar_id":"","_kad_post_content_style":"","_kad_post_vertical_padding":"","_kad_post_feature":"","_kad_post_feature_position":"","_kad_post_header":false,"_kad_post_footer":false},"product_cat":[70,228],"product_tag":[42,350,143,1777,1581,1186,1379,1778,952,961],"class_list":{"0":"post-2239","1":"product","2":"type-product","3":"status-publish","4":"has-post-thumbnail","6":"product_cat-bier","7":"product_cat-neu","8":"product_tag-genuss","9":"product_tag-herzhaft","10":"product_tag-suess","11":"product_tag-bockbier","12":"product_tag-festlich","13":"product_tag-kraeftig","14":"product_tag-malzig","15":"product_tag-starkbier","16":"product_tag-traditionell","17":"product_tag-vollmundig","19":"first","20":"instock","21":"taxable","22":"shipping-taxable","23":"product-type-simple","24":"entry","25":"content-bg","26":"loop-entry"},"jetpack_sharing_enabled":true,"_links":{"self":[{"href":"https:\/\/dev.getraenke-center.ch\/index.php?rest_route=\/wp\/v2\/product\/2239","targetHints":{"allow":["GET"]}}],"collection":[{"href":"https:\/\/dev.getraenke-center.ch\/index.php?rest_route=\/wp\/v2\/product"}],"about":[{"href":"https:\/\/dev.getraenke-center.ch\/index.php?rest_route=\/wp\/v2\/types\/product"}],"wp:featuredmedia":[{"embeddable":true,"href":"https:\/\/dev.getraenke-center.ch\/index.php?rest_route=\/wp\/v2\/media\/2247"}],"wp:attachment":[{"href":"https:\/\/dev.getraenke-center.ch\/index.php?rest_route=%2Fwp%2Fv2%2Fmedia&parent=2239"}],"wp:term":[{"taxonomy":"product_cat","embeddable":true,"href":"https:\/\/dev.getraenke-center.ch\/index.php?rest_route=%2Fwp%2Fv2%2Fproduct_cat&post=2239"},{"taxonomy":"product_tag","embeddable":true,"href":"https:\/\/dev.getraenke-center.ch\/index.php?rest_route=%2Fwp%2Fv2%2Fproduct_tag&post=2239"}],"curies":[{"name":"wp","href":"https:\/\/api.w.org\/{rel}","templated":true}]}}