{"id":317,"date":"2024-11-27T11:59:17","date_gmt":"2024-11-27T11:59:17","guid":{"rendered":"https:\/\/dev.getraenke-center.ch\/?post_type=product&#038;p=317"},"modified":"2024-11-27T11:59:19","modified_gmt":"2024-11-27T11:59:19","slug":"erfrischungsgetraenk-pepita-grapefruit-light-pet-6-x-1-5-liter","status":"publish","type":"product","link":"https:\/\/dev.getraenke-center.ch\/?product=erfrischungsgetraenk-pepita-grapefruit-light-pet-6-x-1-5-liter","title":{"rendered":"Erfrischungsgetr\u00e4nk Pepita Grapefruit light, PET &#8211; 6 x 1.5 Liter"},"content":{"rendered":"<p>Als eines der ersten Erfrischungsgetr\u00e4nke der Schweiz steht Pepita heute als Synonym f\u00fcr Grapefruitgetr\u00e4nke. Seit 1949 ist das frische und durstl\u00f6schende Getr\u00e4nk mit dem unverwechselbaren Pepita-Geschmack \u00fcberall in der Schweiz erh\u00e4ltlich. Es enth\u00e4lt 12 % besten Grapefruitsaft.<\/p>\n","protected":false},"excerpt":{"rendered":"<p>Preis pro Flasche<\/p>\n<p>Erfrischend anders<\/p>\n","protected":false},"featured_media":347,"template":"","meta":{"_kadence_starter_templates_imported_post":false,"_kad_post_transparent":"","_kad_post_title":"","_kad_post_layout":"","_kad_post_sidebar_id":"","_kad_post_content_style":"","_kad_post_vertical_padding":"","_kad_post_feature":"","_kad_post_feature_position":"","_kad_post_header":false,"_kad_post_footer":false},"product_cat":[133],"product_tag":[41,104,134,135,136,137],"class_list":{"0":"post-317","1":"product","2":"type-product","3":"status-publish","4":"has-post-thumbnail","6":"product_cat-getraenke-grapefruit","7":"product_tag-erfrischend","8":"product_tag-fruchtig","9":"product_tag-bewusster-genuss","10":"product_tag-grapefruit-light","11":"product_tag-leicht","12":"product_tag-pepita","14":"first","15":"instock","16":"purchasable","17":"product-type-simple","18":"entry","19":"content-bg","20":"loop-entry"},"jetpack_sharing_enabled":true,"_links":{"self":[{"href":"https:\/\/dev.getraenke-center.ch\/index.php?rest_route=\/wp\/v2\/product\/317","targetHints":{"allow":["GET"]}}],"collection":[{"href":"https:\/\/dev.getraenke-center.ch\/index.php?rest_route=\/wp\/v2\/product"}],"about":[{"href":"https:\/\/dev.getraenke-center.ch\/index.php?rest_route=\/wp\/v2\/types\/product"}],"wp:featuredmedia":[{"embeddable":true,"href":"https:\/\/dev.getraenke-center.ch\/index.php?rest_route=\/wp\/v2\/media\/347"}],"wp:attachment":[{"href":"https:\/\/dev.getraenke-center.ch\/index.php?rest_route=%2Fwp%2Fv2%2Fmedia&parent=317"}],"wp:term":[{"taxonomy":"product_cat","embeddable":true,"href":"https:\/\/dev.getraenke-center.ch\/index.php?rest_route=%2Fwp%2Fv2%2Fproduct_cat&post=317"},{"taxonomy":"product_tag","embeddable":true,"href":"https:\/\/dev.getraenke-center.ch\/index.php?rest_route=%2Fwp%2Fv2%2Fproduct_tag&post=317"}],"curies":[{"name":"wp","href":"https:\/\/api.w.org\/{rel}","templated":true}]}}