{"id":337,"date":"2024-11-27T11:59:18","date_gmt":"2024-11-27T11:59:18","guid":{"rendered":"https:\/\/dev.getraenke-center.ch\/?post_type=product&#038;p=337"},"modified":"2024-11-27T11:59:21","modified_gmt":"2024-11-27T11:59:21","slug":"erfrischungsgetraenk-rivella-gruen-pet-24-x-0-5-liter","status":"publish","type":"product","link":"https:\/\/dev.getraenke-center.ch\/?product=erfrischungsgetraenk-rivella-gruen-pet-24-x-0-5-liter","title":{"rendered":"Erfrischungsgetr\u00e4nk Rivella gr\u00fcn, PET &#8211; 24 x 0.5 Liter"},"content":{"rendered":"<p class=\"product_info--desc\">Die erfrischende Kombination aus Rivella und Gr\u00fcntee. Die leichte Alternative mit dem gewissen Extra.<\/p>\n<ul class=\"product_info--facts_list\">\n<li class=\"product_info--facts_list--item\"><i class=\"product_info--facts_list--icon icon-check\"><\/i> Mit Gr\u00fcnteeextrakten und erfrischend leichter Zitrus-Note<\/li>\n<li class=\"product_info--facts_list--item\"><i class=\"product_info--facts_list--icon icon-check\"><\/i> Mit Zutaten nat\u00fcrlicher Herkunft<\/li>\n<li class=\"product_info--facts_list--item\"><i class=\"product_info--facts_list--icon icon-check\"><\/i> Ohne Farb- und Konservierungsstoffe<\/li>\n<\/ul>\n<p>Wasser, Milchserum, Zucker, Fruchtzucker, Kohlens\u00e4ure, S\u00e4uerungsmittel (L(+)-Milchs\u00e4ure), nat\u00fcrliche Aromen, Gerstenmalz-Extrakt, Gr\u00fcntee-Extrakte (0.05%), Vitamin C.<\/p>\n","protected":false},"excerpt":{"rendered":"<h3>Preis pro Flasche<\/h3>\n<h3 class=\"product_info--overlay--subtitle\">N\u00e4hrwerte 100 ml enthalten<\/h3>\n<table class=\"product_info--overlay--nutrition_table_small\">\n<tbody class=\"product_info--overlay--nutrition_table_small--wrapper\">\n<tr class=\"product_info--overlay--nutrition_table_small--item\">\n<th class=\"product_info--overlay--nutrition_table_small--header \">Energie<\/th>\n<td class=\"product_info--overlay--nutrition_table_small--cell is-right\">90 kJ \/ 22 kcal<\/td>\n<\/tr>\n<tr class=\"product_info--overlay--nutrition_table_small--item\">\n<th class=\"product_info--overlay--nutrition_table_small--header \">Fett<\/th>\n<td class=\"product_info--overlay--nutrition_table_small--cell is-right\">0 g<\/td>\n<\/tr>\n<tr class=\"product_info--overlay--nutrition_table_small--item\">\n<th class=\"product_info--overlay--nutrition_table_small--header is-indented\">davon ges\u00e4ttigte Fetts\u00e4uren<\/th>\n<td class=\"product_info--overlay--nutrition_table_small--cell is-right\">0 g<\/td>\n<\/tr>\n<tr class=\"product_info--overlay--nutrition_table_small--item\">\n<th class=\"product_info--overlay--nutrition_table_small--header \">Kohlenhydrate<\/th>\n<td class=\"product_info--overlay--nutrition_table_small--cell is-right\">5 g<\/td>\n<\/tr>\n<tr class=\"product_info--overlay--nutrition_table_small--item\">\n<th class=\"product_info--overlay--nutrition_table_small--header is-indented\">davon Zucker<\/th>\n<td class=\"product_info--overlay--nutrition_table_small--cell is-right\">5 g<\/td>\n<\/tr>\n<tr class=\"product_info--overlay--nutrition_table_small--item\">\n<th class=\"product_info--overlay--nutrition_table_small--header \">Eiweiss<\/th>\n<td class=\"product_info--overlay--nutrition_table_small--cell is-right\">\u00a00 g<\/td>\n<\/tr>\n<tr class=\"product_info--overlay--nutrition_table_small--item\">\n<th class=\"product_info--overlay--nutrition_table_small--header \">Salz<\/th>\n<td class=\"product_info--overlay--nutrition_table_small--cell is-right\">0.02 g<\/td>\n<\/tr>\n<tr class=\"product_info--overlay--nutrition_table_small--item\">\n<th class=\"product_info--overlay--nutrition_table_small--header \">Vitamin C<\/th>\n<td class=\"product_info--overlay--nutrition_table_small--cell is-right\">12 mg, 15%**<\/td>\n<\/tr>\n<\/tbody>\n<\/table>\n","protected":false},"featured_media":366,"template":"","meta":{"_kadence_starter_templates_imported_post":false,"_kad_post_transparent":"","_kad_post_title":"","_kad_post_layout":"","_kad_post_sidebar_id":"","_kad_post_content_style":"","_kad_post_vertical_padding":"","_kad_post_feature":"","_kad_post_feature_position":"","_kad_post_header":false,"_kad_post_footer":false},"product_cat":[158],"product_tag":[41,104,42,45,159,160],"class_list":{"0":"post-337","1":"product","2":"type-product","3":"status-publish","4":"has-post-thumbnail","6":"product_cat-rivella","7":"product_tag-erfrischend","8":"product_tag-fruchtig","9":"product_tag-genuss","10":"product_tag-gruen","11":"product_tag-kraeuter","12":"product_tag-rivella","14":"first","15":"instock","16":"purchasable","17":"product-type-simple","18":"entry","19":"content-bg","20":"loop-entry"},"jetpack_sharing_enabled":true,"_links":{"self":[{"href":"https:\/\/dev.getraenke-center.ch\/index.php?rest_route=\/wp\/v2\/product\/337","targetHints":{"allow":["GET"]}}],"collection":[{"href":"https:\/\/dev.getraenke-center.ch\/index.php?rest_route=\/wp\/v2\/product"}],"about":[{"href":"https:\/\/dev.getraenke-center.ch\/index.php?rest_route=\/wp\/v2\/types\/product"}],"wp:featuredmedia":[{"embeddable":true,"href":"https:\/\/dev.getraenke-center.ch\/index.php?rest_route=\/wp\/v2\/media\/366"}],"wp:attachment":[{"href":"https:\/\/dev.getraenke-center.ch\/index.php?rest_route=%2Fwp%2Fv2%2Fmedia&parent=337"}],"wp:term":[{"taxonomy":"product_cat","embeddable":true,"href":"https:\/\/dev.getraenke-center.ch\/index.php?rest_route=%2Fwp%2Fv2%2Fproduct_cat&post=337"},{"taxonomy":"product_tag","embeddable":true,"href":"https:\/\/dev.getraenke-center.ch\/index.php?rest_route=%2Fwp%2Fv2%2Fproduct_tag&post=337"}],"curies":[{"name":"wp","href":"https:\/\/api.w.org\/{rel}","templated":true}]}}