{"id":752,"date":"2024-11-27T12:00:14","date_gmt":"2024-11-27T12:00:14","guid":{"rendered":"https:\/\/dev.getraenke-center.ch\/?post_type=product&#038;p=752"},"modified":"2024-11-27T12:00:18","modified_gmt":"2024-11-27T12:00:18","slug":"mineralwasser-appenzeller-mineral-leise-ew-pet-6-x-15-litr","status":"publish","type":"product","link":"https:\/\/dev.getraenke-center.ch\/?product=mineralwasser-appenzeller-mineral-leise-ew-pet-6-x-15-litr","title":{"rendered":"Mineralwasser Appenzeller Mineral Leise EW PET 6 x 1,5 Litr"},"content":{"rendered":"<div>Leise\u00a0 ist beliebtes Mineralwasser f\u00fcr jene, die es nicht zu prickelnd und doch nicht ganz ohne m\u00f6chten. Als nat\u00fcrliches Produkt, mit wenig Kohlens\u00e4ure versetzt, trifft es jeden Geschmack &#8211; das erfrischende Getr\u00e4nk auf jedem Tisch, zu Hause oder in der Gastronomie.<\/div>\n<div><\/div>\n","protected":false},"excerpt":{"rendered":"<p>Preis pro Flasche<\/p>\n<p>Dank seinem ausgewogenen Gehalt an Mineralien und Spurenelementen ist es sehr bek\u00f6mmlich. Es eignet sich vorz\u00fcglich zur Deckung des t\u00e4glichen Bedarfs an Fl\u00fcssigkeit und f\u00fcr eine natriumarme Ern\u00e4hrung.<\/p>\n","protected":false},"featured_media":782,"template":"","meta":{"_kadence_starter_templates_imported_post":false,"_kad_post_transparent":"","_kad_post_title":"","_kad_post_layout":"","_kad_post_sidebar_id":"","_kad_post_content_style":"","_kad_post_vertical_padding":"","_kad_post_feature":"","_kad_post_feature_position":"","_kad_post_header":false,"_kad_post_footer":false},"product_cat":[40],"product_tag":[41,42,50,67,266,265,102],"class_list":{"0":"post-752","1":"product","2":"type-product","3":"status-publish","4":"has-post-thumbnail","6":"product_cat-mineralwasser","7":"product_tag-erfrischend","8":"product_tag-genuss","9":"product_tag-mineralwasser","10":"product_tag-appenzeller","11":"product_tag-laut","12":"product_tag-quellwasser","13":"product_tag-rein","15":"first","16":"instock","17":"taxable","18":"shipping-taxable","19":"purchasable","20":"product-type-simple","21":"entry","22":"content-bg","23":"loop-entry"},"jetpack_sharing_enabled":true,"_links":{"self":[{"href":"https:\/\/dev.getraenke-center.ch\/index.php?rest_route=\/wp\/v2\/product\/752","targetHints":{"allow":["GET"]}}],"collection":[{"href":"https:\/\/dev.getraenke-center.ch\/index.php?rest_route=\/wp\/v2\/product"}],"about":[{"href":"https:\/\/dev.getraenke-center.ch\/index.php?rest_route=\/wp\/v2\/types\/product"}],"wp:featuredmedia":[{"embeddable":true,"href":"https:\/\/dev.getraenke-center.ch\/index.php?rest_route=\/wp\/v2\/media\/782"}],"wp:attachment":[{"href":"https:\/\/dev.getraenke-center.ch\/index.php?rest_route=%2Fwp%2Fv2%2Fmedia&parent=752"}],"wp:term":[{"taxonomy":"product_cat","embeddable":true,"href":"https:\/\/dev.getraenke-center.ch\/index.php?rest_route=%2Fwp%2Fv2%2Fproduct_cat&post=752"},{"taxonomy":"product_tag","embeddable":true,"href":"https:\/\/dev.getraenke-center.ch\/index.php?rest_route=%2Fwp%2Fv2%2Fproduct_tag&post=752"}],"curies":[{"name":"wp","href":"https:\/\/api.w.org\/{rel}","templated":true}]}}