{"id":753,"date":"2024-11-27T12:00:14","date_gmt":"2024-11-27T12:00:14","guid":{"rendered":"https:\/\/dev.getraenke-center.ch\/?post_type=product&#038;p=753"},"modified":"2024-11-27T12:00:18","modified_gmt":"2024-11-27T12:00:18","slug":"mineralwasser-appenzeller-mineral-laut-mw-12-x-1-liter","status":"publish","type":"product","link":"https:\/\/dev.getraenke-center.ch\/?product=mineralwasser-appenzeller-mineral-laut-mw-12-x-1-liter","title":{"rendered":"Mineralwasser Appenzeller Mineral Laut MW 12 x 1 Liter"},"content":{"rendered":"<p>Als nat\u00fcrliches Mineralwasser mit ausgewogenem Gehalt an Mineralien und Spurenelementen ist es unbelastet und eignet sich vorz\u00fcglich f\u00fcr den t\u00e4glichen Bedarf an Fl\u00fcssigkeit und eine natriumarme Ern\u00e4hrung.<\/p>\n","protected":false},"excerpt":{"rendered":"<p>Preis pro Flasche<\/p>\n<p>LAUT sprudelt Klassiker mit dem gr\u00f6ssten Kohlens\u00e4ureanteil.<\/p>\n","protected":false},"featured_media":783,"template":"","meta":{"_kadence_starter_templates_imported_post":false,"_kad_post_transparent":"","_kad_post_title":"","_kad_post_layout":"","_kad_post_sidebar_id":"","_kad_post_content_style":"","_kad_post_vertical_padding":"","_kad_post_feature":"","_kad_post_feature_position":"","_kad_post_header":false,"_kad_post_footer":false},"product_cat":[54],"product_tag":[41,42,50,67,266,265,102],"class_list":{"0":"post-753","1":"product","2":"type-product","3":"status-publish","4":"has-post-thumbnail","6":"product_cat-mineralwasser-mit-geschmack","7":"product_tag-erfrischend","8":"product_tag-genuss","9":"product_tag-mineralwasser","10":"product_tag-appenzeller","11":"product_tag-laut","12":"product_tag-quellwasser","13":"product_tag-rein","15":"first","16":"instock","17":"taxable","18":"shipping-taxable","19":"purchasable","20":"product-type-simple","21":"entry","22":"content-bg","23":"loop-entry"},"jetpack_sharing_enabled":true,"_links":{"self":[{"href":"https:\/\/dev.getraenke-center.ch\/index.php?rest_route=\/wp\/v2\/product\/753","targetHints":{"allow":["GET"]}}],"collection":[{"href":"https:\/\/dev.getraenke-center.ch\/index.php?rest_route=\/wp\/v2\/product"}],"about":[{"href":"https:\/\/dev.getraenke-center.ch\/index.php?rest_route=\/wp\/v2\/types\/product"}],"wp:featuredmedia":[{"embeddable":true,"href":"https:\/\/dev.getraenke-center.ch\/index.php?rest_route=\/wp\/v2\/media\/783"}],"wp:attachment":[{"href":"https:\/\/dev.getraenke-center.ch\/index.php?rest_route=%2Fwp%2Fv2%2Fmedia&parent=753"}],"wp:term":[{"taxonomy":"product_cat","embeddable":true,"href":"https:\/\/dev.getraenke-center.ch\/index.php?rest_route=%2Fwp%2Fv2%2Fproduct_cat&post=753"},{"taxonomy":"product_tag","embeddable":true,"href":"https:\/\/dev.getraenke-center.ch\/index.php?rest_route=%2Fwp%2Fv2%2Fproduct_tag&post=753"}],"curies":[{"name":"wp","href":"https:\/\/api.w.org\/{rel}","templated":true}]}}