{"id":861,"date":"2024-11-27T12:00:27","date_gmt":"2024-11-27T12:00:27","guid":{"rendered":"https:\/\/dev.getraenke-center.ch\/?post_type=product&#038;p=861"},"modified":"2024-11-27T12:00:29","modified_gmt":"2024-11-27T12:00:29","slug":"eistee-adelbodner-baergtee-thymian-ew-pet-6-x-050-liter","status":"publish","type":"product","link":"https:\/\/dev.getraenke-center.ch\/?product=eistee-adelbodner-baergtee-thymian-ew-pet-6-x-050-liter","title":{"rendered":"Eistee Adelbodner B\u00e4rgtee Thymian EW PET 6 x 0,50 Liter"},"content":{"rendered":"<p>Der Adelbodner B\u00e4rgtee wird aus erlesenen Zutaten aus dem Berner Oberland abgef\u00fcllt. Die Kr\u00e4uter, die dem Tee das erfrischende und intensive Aroma verleihen, stammen aus dem benachbarten Simmental.<\/p>\n","protected":false},"excerpt":{"rendered":"<p>Preis pro Flasche<\/p>\n<p>Tauchen Sie ein in die Welt der alpinen Kr\u00e4uter mit Adelbodner B\u00e4rgtee Thymian &#8211; ein Tee, der K\u00f6rper und Geist belebt.<\/p>\n","protected":false},"featured_media":891,"template":"","meta":{"_kadence_starter_templates_imported_post":false,"_kad_post_transparent":"","_kad_post_title":"","_kad_post_layout":"","_kad_post_sidebar_id":"","_kad_post_content_style":"","_kad_post_vertical_padding":"","_kad_post_feature":"","_kad_post_feature_position":"","_kad_post_header":false,"_kad_post_footer":false},"product_cat":[119],"product_tag":[329,55,330,42,318,246,319,56,320,221,247],"class_list":{"0":"post-861","1":"product","2":"type-product","3":"status-publish","4":"has-post-thumbnail","6":"product_cat-eistee","7":"product_tag-adelbodnerbaergteethymian","8":"product_tag-belebend","9":"product_tag-berge","10":"product_tag-genuss","11":"product_tag-getraenke","12":"product_tag-kraeutertee","13":"product_tag-lecker","14":"product_tag-natuerlich","15":"product_tag-qualitaet","16":"product_tag-tee","17":"product_tag-wohltuend","19":"first","20":"instock","21":"taxable","22":"shipping-taxable","23":"purchasable","24":"product-type-simple","25":"entry","26":"content-bg","27":"loop-entry"},"jetpack_sharing_enabled":true,"_links":{"self":[{"href":"https:\/\/dev.getraenke-center.ch\/index.php?rest_route=\/wp\/v2\/product\/861","targetHints":{"allow":["GET"]}}],"collection":[{"href":"https:\/\/dev.getraenke-center.ch\/index.php?rest_route=\/wp\/v2\/product"}],"about":[{"href":"https:\/\/dev.getraenke-center.ch\/index.php?rest_route=\/wp\/v2\/types\/product"}],"wp:featuredmedia":[{"embeddable":true,"href":"https:\/\/dev.getraenke-center.ch\/index.php?rest_route=\/wp\/v2\/media\/891"}],"wp:attachment":[{"href":"https:\/\/dev.getraenke-center.ch\/index.php?rest_route=%2Fwp%2Fv2%2Fmedia&parent=861"}],"wp:term":[{"taxonomy":"product_cat","embeddable":true,"href":"https:\/\/dev.getraenke-center.ch\/index.php?rest_route=%2Fwp%2Fv2%2Fproduct_cat&post=861"},{"taxonomy":"product_tag","embeddable":true,"href":"https:\/\/dev.getraenke-center.ch\/index.php?rest_route=%2Fwp%2Fv2%2Fproduct_tag&post=861"}],"curies":[{"name":"wp","href":"https:\/\/api.w.org\/{rel}","templated":true}]}}