{"id":924,"date":"2024-11-27T12:00:33","date_gmt":"2024-11-27T12:00:33","guid":{"rendered":"https:\/\/dev.getraenke-center.ch\/?post_type=product&#038;p=924"},"modified":"2024-11-27T12:00:35","modified_gmt":"2024-11-27T12:00:35","slug":"apfelwein-ramseier-sueessmost-ew-pet-6-x-050-liter","status":"publish","type":"product","link":"https:\/\/dev.getraenke-center.ch\/?product=apfelwein-ramseier-sueessmost-ew-pet-6-x-050-liter","title":{"rendered":"Apfelwein Ramseier S\u00fcessmost EW PET 6 x 0,50 Liter"},"content":{"rendered":"<p>Innerhalb des RAMSEIER Sortiments ist der frisch gepresste Apfelsaft der Platzhirsch \u2013 seit es die Mosterei gibt. Denn zusammen mit dem Apfelwein bildet er den Ursprung der Marke RAMSEIER. Genauso urspr\u00fcnglich schmeckt der RAMSEIER S\u00fcessmost: Jeder Schluck ist purer Genuss aus gesundem und reifem Schweizer Obst.<\/p>\n","protected":false},"excerpt":{"rendered":"<p>Preis pro Flasche<\/p>\n<p>Vollreifes, erntefrisches Schweizer Obst, ohne k\u00fcnstlichen Zuckerzusatz (enth\u00e4lt von Natur aus Zucker), 100 % nat\u00fcrlich, vegan<\/p>\n","protected":false},"featured_media":954,"template":"","meta":{"_kadence_starter_templates_imported_post":false,"_kad_post_transparent":"","_kad_post_title":"","_kad_post_layout":"","_kad_post_sidebar_id":"","_kad_post_content_style":"","_kad_post_vertical_padding":"","_kad_post_feature":"","_kad_post_feature_position":"","_kad_post_header":false,"_kad_post_footer":false},"product_cat":[141],"product_tag":[394,145,41,42,318,108,320,409,109,143],"class_list":{"0":"post-924","1":"product","2":"type-product","3":"status-publish","4":"has-post-thumbnail","6":"product_cat-apfelwein-ohne-alkohol","7":"product_tag-apfel","8":"product_tag-apfelmost","9":"product_tag-erfrischend","10":"product_tag-genuss","11":"product_tag-getraenke","12":"product_tag-natur","13":"product_tag-qualitaet","14":"product_tag-ramseiersuessmost","15":"product_tag-sonnengereift","16":"product_tag-suess","18":"first","19":"instock","20":"taxable","21":"shipping-taxable","22":"purchasable","23":"product-type-simple","24":"entry","25":"content-bg","26":"loop-entry"},"jetpack_sharing_enabled":true,"_links":{"self":[{"href":"https:\/\/dev.getraenke-center.ch\/index.php?rest_route=\/wp\/v2\/product\/924","targetHints":{"allow":["GET"]}}],"collection":[{"href":"https:\/\/dev.getraenke-center.ch\/index.php?rest_route=\/wp\/v2\/product"}],"about":[{"href":"https:\/\/dev.getraenke-center.ch\/index.php?rest_route=\/wp\/v2\/types\/product"}],"wp:featuredmedia":[{"embeddable":true,"href":"https:\/\/dev.getraenke-center.ch\/index.php?rest_route=\/wp\/v2\/media\/954"}],"wp:attachment":[{"href":"https:\/\/dev.getraenke-center.ch\/index.php?rest_route=%2Fwp%2Fv2%2Fmedia&parent=924"}],"wp:term":[{"taxonomy":"product_cat","embeddable":true,"href":"https:\/\/dev.getraenke-center.ch\/index.php?rest_route=%2Fwp%2Fv2%2Fproduct_cat&post=924"},{"taxonomy":"product_tag","embeddable":true,"href":"https:\/\/dev.getraenke-center.ch\/index.php?rest_route=%2Fwp%2Fv2%2Fproduct_tag&post=924"}],"curies":[{"name":"wp","href":"https:\/\/api.w.org\/{rel}","templated":true}]}}