{"id":937,"date":"2024-11-27T12:00:33","date_gmt":"2024-11-27T12:00:33","guid":{"rendered":"https:\/\/dev.getraenke-center.ch\/?post_type=product&#038;p=937"},"modified":"2024-11-27T12:00:38","modified_gmt":"2024-11-27T12:00:38","slug":"bitterlikoer-cynar-165-1-liter","status":"publish","type":"product","link":"https:\/\/dev.getraenke-center.ch\/?product=bitterlikoer-cynar-165-1-liter","title":{"rendered":"Bitterlik\u00f6r Cynar 16,5% 1 Liter"},"content":{"rendered":"<p><b>Cynar<\/b>\u00a0ist ein italienischer Bitterlik\u00f6r, einem Amaro nicht un\u00e4hnlich. Was ihn allerdings Unterscheidet ist, dass er haupts\u00e4chlich aus Artischocke hergestellt wird. Dazu kommen 13 verschiedene Kr\u00e4utern und Pflanzen. Der Lik\u00f6r hat einen bitters\u00fc\u00dfen Geschmack und einen Alkoholgehalt von 16,5%.<\/p>\n","protected":false},"excerpt":{"rendered":"<p><em>Cynar<\/em> Kr\u00e4uterlik\u00f6r wird aus Artischocken und 13 verschiedenen Kr\u00e4utersorten hergestellt und gilt als rein nat\u00fcrliches Produkt<\/p>\n","protected":false},"featured_media":967,"template":"","meta":{"_kadence_starter_templates_imported_post":false,"_kad_post_transparent":"","_kad_post_title":"","_kad_post_layout":"","_kad_post_sidebar_id":"","_kad_post_content_style":"","_kad_post_vertical_padding":"","_kad_post_feature":"","_kad_post_feature_position":"","_kad_post_header":false,"_kad_post_footer":false},"product_cat":[450,445],"product_tag":[439,451,452,453,448,42,417,454,455,429],"class_list":{"0":"post-937","1":"product","2":"type-product","3":"status-publish","4":"has-post-thumbnail","6":"product_cat-likoer","7":"product_cat-spirituosen","8":"product_tag-aromatisch","9":"product_tag-artischockenlikoer","10":"product_tag-bitterlikoer","11":"product_tag-cynar","12":"product_tag-digestif","13":"product_tag-genuss","14":"product_tag-geschmackserlebnis","15":"product_tag-italienischetradition","16":"product_tag-likoerliebhaber","17":"product_tag-spirituosen","19":"first","20":"instock","21":"taxable","22":"shipping-taxable","23":"purchasable","24":"product-type-simple","25":"entry","26":"content-bg","27":"loop-entry"},"jetpack_sharing_enabled":true,"_links":{"self":[{"href":"https:\/\/dev.getraenke-center.ch\/index.php?rest_route=\/wp\/v2\/product\/937","targetHints":{"allow":["GET"]}}],"collection":[{"href":"https:\/\/dev.getraenke-center.ch\/index.php?rest_route=\/wp\/v2\/product"}],"about":[{"href":"https:\/\/dev.getraenke-center.ch\/index.php?rest_route=\/wp\/v2\/types\/product"}],"wp:featuredmedia":[{"embeddable":true,"href":"https:\/\/dev.getraenke-center.ch\/index.php?rest_route=\/wp\/v2\/media\/967"}],"wp:attachment":[{"href":"https:\/\/dev.getraenke-center.ch\/index.php?rest_route=%2Fwp%2Fv2%2Fmedia&parent=937"}],"wp:term":[{"taxonomy":"product_cat","embeddable":true,"href":"https:\/\/dev.getraenke-center.ch\/index.php?rest_route=%2Fwp%2Fv2%2Fproduct_cat&post=937"},{"taxonomy":"product_tag","embeddable":true,"href":"https:\/\/dev.getraenke-center.ch\/index.php?rest_route=%2Fwp%2Fv2%2Fproduct_tag&post=937"}],"curies":[{"name":"wp","href":"https:\/\/api.w.org\/{rel}","templated":true}]}}